{"id":186,"date":"2025-10-09T17:00:47","date_gmt":"2025-10-09T17:00:47","guid":{"rendered":"https:\/\/eabctcongress.org\/fr\/?page_id=186"},"modified":"2025-10-22T09:48:41","modified_gmt":"2025-10-22T09:48:41","slug":"visa-2","status":"publish","type":"page","link":"https:\/\/eabctcongress.org\/fr\/index.php\/visa-2\/","title":{"rendered":"Visa"},"content":{"rendered":"<p>[et_pb_section fb_built=&#8221;1&#8243; _builder_version=&#8221;4.27.4&#8243; _module_preset=&#8221;default&#8221; global_colors_info=&#8221;{}&#8221;][et_pb_row column_structure=&#8221;2_3,1_3&#8243; _builder_version=&#8221;4.27.4&#8243; _module_preset=&#8221;default&#8221; global_colors_info=&#8221;{}&#8221;][et_pb_column type=&#8221;2_3&#8243; _builder_version=&#8221;4.27.4&#8243; _module_preset=&#8221;default&#8221; global_colors_info=&#8221;{}&#8221;][et_pb_text _builder_version=&#8221;4.27.4&#8243; _module_preset=&#8221;default&#8221; global_colors_info=&#8221;{}&#8221;]<\/p>\n<h3><span style=\"color: #008e90;\"><strong>VISA<\/strong><\/span><\/h3>\n<p style=\"text-align: justify;\"><strong>Demande de visa :<\/strong> L&#8217;EABCT 2026 se tiendra en <strong>Belgique<\/strong>. Les participants internationaux pourraient avoir besoin d&#8217;un visa pour entrer dans le pays. Nous vous recommandons de v\u00e9rifier vos conditions de visa le plus t\u00f4t possible et de commencer la proc\u00e9dure de demande bien \u00e0 l&#8217;avance.<\/p>\n<p><strong>V\u00e9rifiez les conditions de visa en fonction de votre nationalit\u00e9 via le portail officiel de l&#8217;UE :<br \/><a href=\"https:\/\/urlsand.esvalabs.com\/?u=https%3A%2F%2Feuropa.eu%2Fyoureurope%2Fcitizens%2Ftravel%2Fentry-exit%2Fnon-eu-nationals%2Findex_en.htm&amp;e=7da38bd4&amp;h=75cae010&amp;f=y&amp;p=y\" target=\"_blank\" rel=\"noopener\"><span style=\"color: #008e90;\">Conditions d&#8217;entr\u00e9e dans l&#8217;UE pour les ressortissants de pays tiers<\/span><\/a><br \/><\/strong><\/p>\n<p style=\"text-align: justify;\"><strong>Lettres de soutien pour les visas<\/strong><\/p>\n<p style=\"text-align: justify;\">Bien que l&#8217;EABCT 2026 ne puisse pas d\u00e9livrer de visas, nous pouvons vous fournir des lettres d&#8217;appui pour votre demande de visa. Ces lettres sont disponibles via le syst\u00e8me d&#8217;inscription en ligne.<\/p>\n<ul>\n<li style=\"text-align: justify;\">Les lettres d&#8217;appui ne sont d\u00e9livr\u00e9es qu&#8217;apr\u00e8s confirmation de l&#8217;inscription et du paiement.<\/li>\n<li style=\"text-align: justify;\">Elles sont envoy\u00e9es par courriel au format PDF environ deux semaines apr\u00e8s la confirmation.<\/li>\n<li style=\"text-align: justify;\">Prenez rendez-vous pour votre visa d\u00e8s que possible, car le traitement de certaines demandes peut prendre jusqu&#8217;\u00e0 six mois.<\/li>\n<\/ul>\n<p>[\/et_pb_text][\/et_pb_column][et_pb_column type=&#8221;1_3&#8243; _builder_version=&#8221;4.27.4&#8243; _module_preset=&#8221;default&#8221; global_colors_info=&#8221;{}&#8221;][et_pb_image src=&#8221;https:\/\/eabctcongress.org\/fr\/wp-content\/uploads\/2025\/10\/belgium-visa.jpg&#8221; title_text=&#8221;belgium-visa&#8221; _builder_version=&#8221;4.27.4&#8243; _module_preset=&#8221;default&#8221; custom_margin=&#8221;69px|||||&#8221; animation_style=&#8221;slide&#8221; global_colors_info=&#8221;{}&#8221;][\/et_pb_image][\/et_pb_column][\/et_pb_row][et_pb_row column_structure=&#8221;1_2,1_2&#8243; _builder_version=&#8221;4.27.4&#8243; _module_preset=&#8221;default&#8221; global_colors_info=&#8221;{}&#8221;][et_pb_column type=&#8221;1_2&#8243; _builder_version=&#8221;4.27.4&#8243; _module_preset=&#8221;default&#8221; global_colors_info=&#8221;{}&#8221;][et_pb_text _builder_version=&#8221;4.27.4&#8243; _module_preset=&#8221;default&#8221; global_colors_info=&#8221;{}&#8221;]<\/p>\n<p><strong>Votre responsabilit\u00e9<\/strong><\/p>\n<p>Il est de votre responsabilit\u00e9 de :<\/p>\n<p>V\u00e9rifier les conditions de visa de votre pays.<br \/>Demander le visa appropri\u00e9 \u00e0 temps.<br \/>Pr\u00e9parer tous les documents justificatifs requis par votre ambassade ou consulat local.<\/p>\n<p>[\/et_pb_text][\/et_pb_column][et_pb_column type=&#8221;1_2&#8243; _builder_version=&#8221;4.27.4&#8243; _module_preset=&#8221;default&#8221; global_colors_info=&#8221;{}&#8221;][et_pb_text _builder_version=&#8221;4.27.4&#8243; _module_preset=&#8221;default&#8221; custom_margin=&#8221;|||0px|false|false&#8221; custom_padding=&#8221;|||21px|false|false&#8221; border_width_left=&#8221;1px&#8221; border_color_left=&#8221;#008e90&#8243; global_colors_info=&#8221;{}&#8221;]<\/p>\n<p><strong>Ce que nous pouvons fournir<\/strong><\/p>\n<p>Nous serons ravis de vous accompagner dans votre demande de visa :<\/p>\n<p style=\"text-align: justify;\">Une lettre officielle d&#8217;aide \u00e0 l&#8217;obtention du visa<br \/>Une confirmation de votre inscription et de votre participation \u00e0 l&#8217;\u00e9v\u00e9nement<br \/>Des informations sur le congr\u00e8s et les options d&#8217;h\u00e9bergement<\/p>\n<p style=\"text-align: justify;\">Veuillez noter que nous n&#8217;avons aucune influence sur les d\u00e9cisions relatives aux visas ; celles-ci sont prises exclusivement par les autorit\u00e9s d&#8217;immigration du pays de destination.<\/p>\n<p>[\/et_pb_text][\/et_pb_column][\/et_pb_row][et_pb_row _builder_version=&#8221;4.27.4&#8243; _module_preset=&#8221;default&#8221; border_width_top=&#8221;1px&#8221; border_color_top=&#8221;#008e90&#8243; hover_enabled=&#8221;0&#8243; sticky_enabled=&#8221;0&#8243;][et_pb_column _builder_version=&#8221;4.27.4&#8243; _module_preset=&#8221;default&#8221; type=&#8221;4_4&#8243;][\/et_pb_column][\/et_pb_row][\/et_pb_section]<\/p>\n","protected":false},"excerpt":{"rendered":"<p>VISA Demande de visa : L&#8217;EABCT 2026 se tiendra en Belgique. Les participants internationaux pourraient avoir besoin d&#8217;un visa pour entrer dans le pays. Nous vous recommandons de v\u00e9rifier vos conditions de visa le plus t\u00f4t possible et de commencer la proc\u00e9dure de demande bien \u00e0 l&#8217;avance. V\u00e9rifiez les conditions de visa en fonction de [&hellip;]<\/p>\n","protected":false},"author":1,"featured_media":0,"parent":0,"menu_order":0,"comment_status":"closed","ping_status":"closed","template":"","meta":{"_et_pb_use_builder":"on","_et_pb_old_content":"","_et_gb_content_width":"","footnotes":""},"class_list":["post-186","page","type-page","status-publish","hentry"],"yoast_head":"<!-- This site is optimized with the Yoast SEO plugin v27.4 - https:\/\/yoast.com\/product\/yoast-seo-wordpress\/ -->\n<title>Visa - EABCT<\/title>\n<meta name=\"robots\" content=\"index, follow, max-snippet:-1, max-image-preview:large, max-video-preview:-1\" \/>\n<link rel=\"canonical\" href=\"https:\/\/eabctcongress.org\/fr\/index.php\/visa-2\/\" \/>\n<meta property=\"og:locale\" content=\"en_US\" \/>\n<meta property=\"og:type\" content=\"article\" \/>\n<meta property=\"og:title\" content=\"Visa - EABCT\" \/>\n<meta property=\"og:description\" content=\"VISA Demande de visa : L&#039;EABCT 2026 se tiendra en Belgique. Les participants internationaux pourraient avoir besoin d&#039;un visa pour entrer dans le pays. Nous vous recommandons de v\u00e9rifier vos conditions de visa le plus t\u00f4t possible et de commencer la proc\u00e9dure de demande bien \u00e0 l&#039;avance. V\u00e9rifiez les conditions de visa en fonction de [&hellip;]\" \/>\n<meta property=\"og:url\" content=\"https:\/\/eabctcongress.org\/fr\/index.php\/visa-2\/\" \/>\n<meta property=\"og:site_name\" content=\"EABCT\" \/>\n<meta property=\"article:modified_time\" content=\"2025-10-22T09:48:41+00:00\" \/>\n<meta name=\"twitter:card\" content=\"summary_large_image\" \/>\n<script type=\"application\/ld+json\" class=\"yoast-schema-graph\">{\"@context\":\"https:\\\/\\\/schema.org\",\"@graph\":[{\"@type\":\"WebPage\",\"@id\":\"https:\\\/\\\/eabctcongress.org\\\/fr\\\/index.php\\\/visa-2\\\/\",\"url\":\"https:\\\/\\\/eabctcongress.org\\\/fr\\\/index.php\\\/visa-2\\\/\",\"name\":\"Visa - EABCT\",\"isPartOf\":{\"@id\":\"https:\\\/\\\/eabctcongress.org\\\/fr\\\/#website\"},\"datePublished\":\"2025-10-09T17:00:47+00:00\",\"dateModified\":\"2025-10-22T09:48:41+00:00\",\"breadcrumb\":{\"@id\":\"https:\\\/\\\/eabctcongress.org\\\/fr\\\/index.php\\\/visa-2\\\/#breadcrumb\"},\"inLanguage\":\"en-US\",\"potentialAction\":[{\"@type\":\"ReadAction\",\"target\":[\"https:\\\/\\\/eabctcongress.org\\\/fr\\\/index.php\\\/visa-2\\\/\"]}]},{\"@type\":\"BreadcrumbList\",\"@id\":\"https:\\\/\\\/eabctcongress.org\\\/fr\\\/index.php\\\/visa-2\\\/#breadcrumb\",\"itemListElement\":[{\"@type\":\"ListItem\",\"position\":1,\"name\":\"Home\",\"item\":\"https:\\\/\\\/eabctcongress.org\\\/fr\\\/\"},{\"@type\":\"ListItem\",\"position\":2,\"name\":\"Visa\"}]},{\"@type\":\"WebSite\",\"@id\":\"https:\\\/\\\/eabctcongress.org\\\/fr\\\/#website\",\"url\":\"https:\\\/\\\/eabctcongress.org\\\/fr\\\/\",\"name\":\"EABCT\",\"description\":\"\",\"potentialAction\":[{\"@type\":\"SearchAction\",\"target\":{\"@type\":\"EntryPoint\",\"urlTemplate\":\"https:\\\/\\\/eabctcongress.org\\\/fr\\\/?s={search_term_string}\"},\"query-input\":{\"@type\":\"PropertyValueSpecification\",\"valueRequired\":true,\"valueName\":\"search_term_string\"}}],\"inLanguage\":\"en-US\"}]}<\/script>\n<!-- \/ Yoast SEO plugin. -->","yoast_head_json":{"title":"Visa - EABCT","robots":{"index":"index","follow":"follow","max-snippet":"max-snippet:-1","max-image-preview":"max-image-preview:large","max-video-preview":"max-video-preview:-1"},"canonical":"https:\/\/eabctcongress.org\/fr\/index.php\/visa-2\/","og_locale":"en_US","og_type":"article","og_title":"Visa - EABCT","og_description":"VISA Demande de visa : L'EABCT 2026 se tiendra en Belgique. Les participants internationaux pourraient avoir besoin d'un visa pour entrer dans le pays. Nous vous recommandons de v\u00e9rifier vos conditions de visa le plus t\u00f4t possible et de commencer la proc\u00e9dure de demande bien \u00e0 l'avance. V\u00e9rifiez les conditions de visa en fonction de [&hellip;]","og_url":"https:\/\/eabctcongress.org\/fr\/index.php\/visa-2\/","og_site_name":"EABCT","article_modified_time":"2025-10-22T09:48:41+00:00","twitter_card":"summary_large_image","schema":{"@context":"https:\/\/schema.org","@graph":[{"@type":"WebPage","@id":"https:\/\/eabctcongress.org\/fr\/index.php\/visa-2\/","url":"https:\/\/eabctcongress.org\/fr\/index.php\/visa-2\/","name":"Visa - EABCT","isPartOf":{"@id":"https:\/\/eabctcongress.org\/fr\/#website"},"datePublished":"2025-10-09T17:00:47+00:00","dateModified":"2025-10-22T09:48:41+00:00","breadcrumb":{"@id":"https:\/\/eabctcongress.org\/fr\/index.php\/visa-2\/#breadcrumb"},"inLanguage":"en-US","potentialAction":[{"@type":"ReadAction","target":["https:\/\/eabctcongress.org\/fr\/index.php\/visa-2\/"]}]},{"@type":"BreadcrumbList","@id":"https:\/\/eabctcongress.org\/fr\/index.php\/visa-2\/#breadcrumb","itemListElement":[{"@type":"ListItem","position":1,"name":"Home","item":"https:\/\/eabctcongress.org\/fr\/"},{"@type":"ListItem","position":2,"name":"Visa"}]},{"@type":"WebSite","@id":"https:\/\/eabctcongress.org\/fr\/#website","url":"https:\/\/eabctcongress.org\/fr\/","name":"EABCT","description":"","potentialAction":[{"@type":"SearchAction","target":{"@type":"EntryPoint","urlTemplate":"https:\/\/eabctcongress.org\/fr\/?s={search_term_string}"},"query-input":{"@type":"PropertyValueSpecification","valueRequired":true,"valueName":"search_term_string"}}],"inLanguage":"en-US"}]}},"_links":{"self":[{"href":"https:\/\/eabctcongress.org\/fr\/index.php\/wp-json\/wp\/v2\/pages\/186","targetHints":{"allow":["GET"]}}],"collection":[{"href":"https:\/\/eabctcongress.org\/fr\/index.php\/wp-json\/wp\/v2\/pages"}],"about":[{"href":"https:\/\/eabctcongress.org\/fr\/index.php\/wp-json\/wp\/v2\/types\/page"}],"author":[{"embeddable":true,"href":"https:\/\/eabctcongress.org\/fr\/index.php\/wp-json\/wp\/v2\/users\/1"}],"replies":[{"embeddable":true,"href":"https:\/\/eabctcongress.org\/fr\/index.php\/wp-json\/wp\/v2\/comments?post=186"}],"version-history":[{"count":6,"href":"https:\/\/eabctcongress.org\/fr\/index.php\/wp-json\/wp\/v2\/pages\/186\/revisions"}],"predecessor-version":[{"id":391,"href":"https:\/\/eabctcongress.org\/fr\/index.php\/wp-json\/wp\/v2\/pages\/186\/revisions\/391"}],"wp:attachment":[{"href":"https:\/\/eabctcongress.org\/fr\/index.php\/wp-json\/wp\/v2\/media?parent=186"}],"curies":[{"name":"wp","href":"https:\/\/api.w.org\/{rel}","templated":true}]}}

<p>[et_pb_section fb_built=&#8221;1&#8243; _builder_version=&#8221;4.27.4&#8243; _module_preset=&#8221;default&#8221; global_colors_info=&#8221;{}&#8221;][et_pb_row column_structure=&#8221;2_3,1_3&#8243; _builder_version=&#8221;4.27.4&#8243; _module_preset=&#8221;default&#8221; global_colors_info=&#8221;{}&#8221;][et_pb_column type=&#8221;2_3&#8243; _builder_version=&#8221;4.27.4&#8243; _module_preset=&#8221;default&#8221; global_colors_info=&#8221;{}&#8221;][et_pb_text _builder_version=&#8221;4.27.4&#8243; _module_preset=&#8221;default&#8221; global_colors_info=&#8221;{}&#8221;]</p>
<h3><span style="color: #008e90;"><strong>VISA</strong></span></h3>
<p style="text-align: justify;"><strong>Demande de visa :</strong> L&#8217;EABCT 2026 se tiendra en <strong>Belgique</strong>. Les participants internationaux pourraient avoir besoin d&#8217;un visa pour entrer dans le pays. Nous vous recommandons de vérifier vos conditions de visa le plus tôt possible et de commencer la procédure de demande bien à l&#8217;avance.</p>
<p><strong>Vérifiez les conditions de visa en fonction de votre nationalité via le portail officiel de l&#8217;UE :<br /><a href="https://urlsand.esvalabs.com/?u=https%3A%2F%2Feuropa.eu%2Fyoureurope%2Fcitizens%2Ftravel%2Fentry-exit%2Fnon-eu-nationals%2Findex_en.htm&amp;e=7da38bd4&amp;h=75cae010&amp;f=y&amp;p=y" target="_blank" rel="noopener"><span style="color: #008e90;">Conditions d&#8217;entrée dans l&#8217;UE pour les ressortissants de pays tiers</span></a><br /></strong></p>
<p style="text-align: justify;"><strong>Lettres de soutien pour les visas</strong></p>
<p style="text-align: justify;">Bien que l&#8217;EABCT 2026 ne puisse pas délivrer de visas, nous pouvons vous fournir des lettres d&#8217;appui pour votre demande de visa. Ces lettres sont disponibles via le système d&#8217;inscription en ligne.</p>
<ul>
<li style="text-align: justify;">Les lettres d&#8217;appui ne sont délivrées qu&#8217;après confirmation de l&#8217;inscription et du paiement.</li>
<li style="text-align: justify;">Elles sont envoyées par courriel au format PDF environ deux semaines après la confirmation.</li>
<li style="text-align: justify;">Prenez rendez-vous pour votre visa dès que possible, car le traitement de certaines demandes peut prendre jusqu&#8217;à six mois.</li>
</ul>
<p>[/et_pb_text][/et_pb_column][et_pb_column type=&#8221;1_3&#8243; _builder_version=&#8221;4.27.4&#8243; _module_preset=&#8221;default&#8221; global_colors_info=&#8221;{}&#8221;][et_pb_image src=&#8221;https://eabctcongress.org/fr/wp-content/uploads/2025/10/belgium-visa.jpg&#8221; title_text=&#8221;belgium-visa&#8221; _builder_version=&#8221;4.27.4&#8243; _module_preset=&#8221;default&#8221; custom_margin=&#8221;69px|||||&#8221; animation_style=&#8221;slide&#8221; global_colors_info=&#8221;{}&#8221;][/et_pb_image][/et_pb_column][/et_pb_row][et_pb_row column_structure=&#8221;1_2,1_2&#8243; _builder_version=&#8221;4.27.4&#8243; _module_preset=&#8221;default&#8221; global_colors_info=&#8221;{}&#8221;][et_pb_column type=&#8221;1_2&#8243; _builder_version=&#8221;4.27.4&#8243; _module_preset=&#8221;default&#8221; global_colors_info=&#8221;{}&#8221;][et_pb_text _builder_version=&#8221;4.27.4&#8243; _module_preset=&#8221;default&#8221; global_colors_info=&#8221;{}&#8221;]</p>
<p><strong>Votre responsabilité</strong></p>
<p>Il est de votre responsabilité de :</p>
<p>Vérifier les conditions de visa de votre pays.<br />Demander le visa approprié à temps.<br />Préparer tous les documents justificatifs requis par votre ambassade ou consulat local.</p>
<p>[/et_pb_text][/et_pb_column][et_pb_column type=&#8221;1_2&#8243; _builder_version=&#8221;4.27.4&#8243; _module_preset=&#8221;default&#8221; global_colors_info=&#8221;{}&#8221;][et_pb_text _builder_version=&#8221;4.27.4&#8243; _module_preset=&#8221;default&#8221; custom_margin=&#8221;|||0px|false|false&#8221; custom_padding=&#8221;|||21px|false|false&#8221; border_width_left=&#8221;1px&#8221; border_color_left=&#8221;#008e90&#8243; global_colors_info=&#8221;{}&#8221;]</p>
<p><strong>Ce que nous pouvons fournir</strong></p>
<p>Nous serons ravis de vous accompagner dans votre demande de visa :</p>
<p style="text-align: justify;">Une lettre officielle d&#8217;aide à l&#8217;obtention du visa<br />Une confirmation de votre inscription et de votre participation à l&#8217;événement<br />Des informations sur le congrès et les options d&#8217;hébergement</p>
<p style="text-align: justify;">Veuillez noter que nous n&#8217;avons aucune influence sur les décisions relatives aux visas ; celles-ci sont prises exclusivement par les autorités d&#8217;immigration du pays de destination.</p>
<p>[/et_pb_text][/et_pb_column][/et_pb_row][et_pb_row _builder_version=&#8221;4.27.4&#8243; _module_preset=&#8221;default&#8221; border_width_top=&#8221;1px&#8221; border_color_top=&#8221;#008e90&#8243; hover_enabled=&#8221;0&#8243; sticky_enabled=&#8221;0&#8243;][et_pb_column _builder_version=&#8221;4.27.4&#8243; _module_preset=&#8221;default&#8221; type=&#8221;4_4&#8243;][/et_pb_column][/et_pb_row][/et_pb_section]</p>

<p>VISA Demande de visa : L&#8217;EABCT 2026 se tiendra en Belgique. Les participants internationaux pourraient avoir besoin d&#8217;un visa pour entrer dans le pays. Nous vous recommandons de vérifier vos conditions de visa le plus tôt possible et de commencer la procédure de demande bien à l&#8217;avance. Vérifiez les conditions de visa en fonction de [&hellip;]</p>

<!-- This site is optimized with the Yoast SEO plugin v27.4 - https://yoast.com/product/yoast-seo-wordpress/ -->
<title>Visa - EABCT</title>
<meta name="robots" content="index, follow, max-snippet:-1, max-image-preview:large, max-video-preview:-1" />
<link rel="canonical" href="https://eabctcongress.org/fr/index.php/visa-2/" />
<meta property="og:locale" content="en_US" />
<meta property="og:type" content="article" />
<meta property="og:title" content="Visa - EABCT" />
<meta property="og:description" content="VISA Demande de visa : L&#039;EABCT 2026 se tiendra en Belgique. Les participants internationaux pourraient avoir besoin d&#039;un visa pour entrer dans le pays. Nous vous recommandons de vérifier vos conditions de visa le plus tôt possible et de commencer la procédure de demande bien à l&#039;avance. Vérifiez les conditions de visa en fonction de [&hellip;]" />
<meta property="og:url" content="https://eabctcongress.org/fr/index.php/visa-2/" />
<meta property="og:site_name" content="EABCT" />
<meta property="article:modified_time" content="2025-10-22T09:48:41+00:00" />
<meta name="twitter:card" content="summary_large_image" />
<script type="application/ld+json" class="yoast-schema-graph">{"@context":"https:\/\/schema.org","@graph":[{"@type":"WebPage","@id":"https:\/\/eabctcongress.org\/fr\/index.php\/visa-2\/","url":"https:\/\/eabctcongress.org\/fr\/index.php\/visa-2\/","name":"Visa - EABCT","isPartOf":{"@id":"https:\/\/eabctcongress.org\/fr\/#website"},"datePublished":"2025-10-09T17:00:47+00:00","dateModified":"2025-10-22T09:48:41+00:00","breadcrumb":{"@id":"https:\/\/eabctcongress.org\/fr\/index.php\/visa-2\/#breadcrumb"},"inLanguage":"en-US","potentialAction":[{"@type":"ReadAction","target":["https:\/\/eabctcongress.org\/fr\/index.php\/visa-2\/"]}]},{"@type":"BreadcrumbList","@id":"https:\/\/eabctcongress.org\/fr\/index.php\/visa-2\/#breadcrumb","itemListElement":[{"@type":"ListItem","position":1,"name":"Home","item":"https:\/\/eabctcongress.org\/fr\/"},{"@type":"ListItem","position":2,"name":"Visa"}]},{"@type":"WebSite","@id":"https:\/\/eabctcongress.org\/fr\/#website","url":"https:\/\/eabctcongress.org\/fr\/","name":"EABCT","description":"","potentialAction":[{"@type":"SearchAction","target":{"@type":"EntryPoint","urlTemplate":"https:\/\/eabctcongress.org\/fr\/?s={search_term_string}"},"query-input":{"@type":"PropertyValueSpecification","valueRequired":true,"valueName":"search_term_string"}}],"inLanguage":"en-US"}]}</script>
<!-- / Yoast SEO plugin. -->

VISA Demande de visa : L'EABCT 2026 se tiendra en Belgique. Les participants internationaux pourraient avoir besoin d'un visa pour entrer dans le pays. Nous vous recommandons de vérifier vos conditions de visa le plus tôt possible et de commencer la procédure de demande bien à l'avance. Vérifiez les conditions de visa en fonction de [&hellip;]
