{"id":223,"date":"2025-10-09T17:52:05","date_gmt":"2025-10-09T17:52:05","guid":{"rendered":"https:\/\/eabctcongress.org\/fr\/?page_id=223"},"modified":"2025-10-22T09:39:41","modified_gmt":"2025-10-22T09:39:41","slug":"le-square","status":"publish","type":"page","link":"https:\/\/eabctcongress.org\/fr\/index.php\/le-square\/","title":{"rendered":"Le Square"},"content":{"rendered":"<p>[et_pb_section fb_built=&#8221;1&#8243; _builder_version=&#8221;4.27.4&#8243; _module_preset=&#8221;default&#8221; global_colors_info=&#8221;{}&#8221;][et_pb_row column_structure=&#8221;3_5,2_5&#8243; _builder_version=&#8221;4.27.4&#8243; _module_preset=&#8221;default&#8221; global_colors_info=&#8221;{}&#8221;][et_pb_column type=&#8221;3_5&#8243; _builder_version=&#8221;4.27.4&#8243; _module_preset=&#8221;default&#8221; global_colors_info=&#8221;{}&#8221;][et_pb_text _builder_version=&#8221;4.27.4&#8243; _module_preset=&#8221;default&#8221; hover_enabled=&#8221;0&#8243; global_colors_info=&#8221;{}&#8221; sticky_enabled=&#8221;0&#8243;]<\/p>\n<h3 style=\"text-align: justify;\"><strong><span style=\"color: #008e90;\">Lieu du congr\u00e8s<\/span><\/strong><\/h3>\n<p style=\"text-align: justify;\"><strong><br \/><span style=\"color: #008e90;\">Square \u00e0 Bruxelles<\/span><br \/><\/strong><\/p>\n<p style=\"text-align: justify;\">Le SQUARE Brussels Meeting Centre accueillera le congr\u00e8s EABCT 2026 <strong>du 16 au 19 septembre 2026<\/strong>. Ce lieu moderne et inspirant, enti\u00e8rement r\u00e9nov\u00e9 en 2009, peut accueillir plus de 6 000 participants. Il allie avec brio des \u00e9l\u00e9ments historiques, notamment des fresques originales d&#8217;artistes tels que Ren\u00e9 Magritte et Paul Delvaux, \u00e0 une infrastructure technologique de pointe.<\/p>\n<p style=\"text-align: justify;\">Situ\u00e9 au c\u0153ur culturel et historique de Bruxelles, \u00e0 proximit\u00e9 des institutions europ\u00e9ennes, le SQUARE est tr\u00e8s accessible, situ\u00e9 au-dessus de la gare internationale et \u00e0 seulement <strong>17 minutes de l&#8217;a\u00e9roport<\/strong>.<\/p>\n<p>[\/et_pb_text][\/et_pb_column][et_pb_column type=&#8221;2_5&#8243; _builder_version=&#8221;4.27.4&#8243; _module_preset=&#8221;default&#8221; global_colors_info=&#8221;{}&#8221;][et_pb_image src=&#8221;https:\/\/eabctcongress.org\/fr\/wp-content\/uploads\/2025\/10\/Square_2-1024&#215;681.jpg&#8221; title_text=&#8221;Square_2&#8243; _builder_version=&#8221;4.27.4&#8243; _module_preset=&#8221;default&#8221; custom_padding=&#8221;107px|||||&#8221; global_colors_info=&#8221;{}&#8221;][\/et_pb_image][\/et_pb_column][\/et_pb_row][et_pb_row _builder_version=&#8221;4.27.4&#8243; _module_preset=&#8221;default&#8221; global_colors_info=&#8221;{}&#8221;][et_pb_column type=&#8221;4_4&#8243; _builder_version=&#8221;4.27.4&#8243; _module_preset=&#8221;default&#8221; global_colors_info=&#8221;{}&#8221;][et_pb_text _builder_version=&#8221;4.27.4&#8243; _module_preset=&#8221;default&#8221; global_colors_info=&#8221;{}&#8221;]<\/p>\n<p><strong>Acc\u00e9ssibilit\u00e9<\/strong><\/p>\n<p>Bien que SQUARE soit un grand centre de r\u00e9unions et de congr\u00e8s, nous mettons tout en \u0153uvre pour rendre nos salles accessibles \u00e0 tous.<br \/>Quel que soit votre destination \u00e0 SQUARE, nous vous indiquerons le chemin.<\/p>\n<p>Voici <strong>quatre entr\u00e9es faciles d&#8217;acc\u00e8s<\/strong> pour les personnes \u00e0 mobilit\u00e9 r\u00e9duite :<\/p>\n<p>&#8211; Coudenberg<br \/>&#8211; Terrasse du SQUARE<br \/>&#8211; Rue Ravenstein<br \/>&#8211; Rue des Sols \u2013 acc\u00e8s via le parking niveau -3<\/p>\n<p><strong>Pour utiliser l\u2019ascenseur de la Terasse<\/strong>, il faut sonner et indiquer que vous venez pour le congr\u00e8s.<br \/>Pour sortir du b\u00e2timent, merci de pr\u00e9venir le personnel de s\u00e9curit\u00e9 afin qu\u2019il vous donne l\u2019acc\u00e8s \u00e0 l\u2019ascenseur.<\/p>\n<p>[\/et_pb_text][\/et_pb_column][\/et_pb_row][et_pb_row _builder_version=&#8221;4.27.4&#8243; _module_preset=&#8221;default&#8221; global_colors_info=&#8221;{}&#8221;][et_pb_column type=&#8221;4_4&#8243; _builder_version=&#8221;4.27.4&#8243; _module_preset=&#8221;default&#8221; global_colors_info=&#8221;{}&#8221;][et_pb_image src=&#8221;https:\/\/eabctcongress.org\/fr\/wp-content\/uploads\/2025\/10\/brussels-1024&#215;208.jpg&#8221; title_text=&#8221;brussels&#8221; _builder_version=&#8221;4.27.4&#8243; _module_preset=&#8221;default&#8221; global_colors_info=&#8221;{}&#8221;][\/et_pb_image][\/et_pb_column][\/et_pb_row][\/et_pb_section]<\/p>\n","protected":false},"excerpt":{"rendered":"<p>Lieu du congr\u00e8s Square \u00e0 Bruxelles Le SQUARE Brussels Meeting Centre accueillera le congr\u00e8s EABCT 2026 du 16 au 19 septembre 2026. Ce lieu moderne et inspirant, enti\u00e8rement r\u00e9nov\u00e9 en 2009, peut accueillir plus de 6 000 participants. Il allie avec brio des \u00e9l\u00e9ments historiques, notamment des fresques originales d&#8217;artistes tels que Ren\u00e9 Magritte et [&hellip;]<\/p>\n","protected":false},"author":1,"featured_media":0,"parent":0,"menu_order":0,"comment_status":"closed","ping_status":"closed","template":"","meta":{"_et_pb_use_builder":"on","_et_pb_old_content":"","_et_gb_content_width":"","footnotes":""},"class_list":["post-223","page","type-page","status-publish","hentry"],"yoast_head":"<!-- This site is optimized with the Yoast SEO plugin v27.4 - https:\/\/yoast.com\/product\/yoast-seo-wordpress\/ -->\n<title>Le Square - EABCT<\/title>\n<meta name=\"robots\" content=\"index, follow, max-snippet:-1, max-image-preview:large, max-video-preview:-1\" \/>\n<link rel=\"canonical\" href=\"https:\/\/eabctcongress.org\/fr\/index.php\/le-square\/\" \/>\n<meta property=\"og:locale\" content=\"en_US\" \/>\n<meta property=\"og:type\" content=\"article\" \/>\n<meta property=\"og:title\" content=\"Le Square - EABCT\" \/>\n<meta property=\"og:description\" content=\"Lieu du congr\u00e8s Square \u00e0 Bruxelles Le SQUARE Brussels Meeting Centre accueillera le congr\u00e8s EABCT 2026 du 16 au 19 septembre 2026. Ce lieu moderne et inspirant, enti\u00e8rement r\u00e9nov\u00e9 en 2009, peut accueillir plus de 6 000 participants. Il allie avec brio des \u00e9l\u00e9ments historiques, notamment des fresques originales d&#039;artistes tels que Ren\u00e9 Magritte et [&hellip;]\" \/>\n<meta property=\"og:url\" content=\"https:\/\/eabctcongress.org\/fr\/index.php\/le-square\/\" \/>\n<meta property=\"og:site_name\" content=\"EABCT\" \/>\n<meta property=\"article:modified_time\" content=\"2025-10-22T09:39:41+00:00\" \/>\n<meta name=\"twitter:card\" content=\"summary_large_image\" \/>\n<script type=\"application\/ld+json\" class=\"yoast-schema-graph\">{\"@context\":\"https:\\\/\\\/schema.org\",\"@graph\":[{\"@type\":\"WebPage\",\"@id\":\"https:\\\/\\\/eabctcongress.org\\\/fr\\\/index.php\\\/le-square\\\/\",\"url\":\"https:\\\/\\\/eabctcongress.org\\\/fr\\\/index.php\\\/le-square\\\/\",\"name\":\"Le Square - EABCT\",\"isPartOf\":{\"@id\":\"https:\\\/\\\/eabctcongress.org\\\/fr\\\/#website\"},\"datePublished\":\"2025-10-09T17:52:05+00:00\",\"dateModified\":\"2025-10-22T09:39:41+00:00\",\"breadcrumb\":{\"@id\":\"https:\\\/\\\/eabctcongress.org\\\/fr\\\/index.php\\\/le-square\\\/#breadcrumb\"},\"inLanguage\":\"en-US\",\"potentialAction\":[{\"@type\":\"ReadAction\",\"target\":[\"https:\\\/\\\/eabctcongress.org\\\/fr\\\/index.php\\\/le-square\\\/\"]}]},{\"@type\":\"BreadcrumbList\",\"@id\":\"https:\\\/\\\/eabctcongress.org\\\/fr\\\/index.php\\\/le-square\\\/#breadcrumb\",\"itemListElement\":[{\"@type\":\"ListItem\",\"position\":1,\"name\":\"Home\",\"item\":\"https:\\\/\\\/eabctcongress.org\\\/fr\\\/\"},{\"@type\":\"ListItem\",\"position\":2,\"name\":\"Le Square\"}]},{\"@type\":\"WebSite\",\"@id\":\"https:\\\/\\\/eabctcongress.org\\\/fr\\\/#website\",\"url\":\"https:\\\/\\\/eabctcongress.org\\\/fr\\\/\",\"name\":\"EABCT\",\"description\":\"\",\"potentialAction\":[{\"@type\":\"SearchAction\",\"target\":{\"@type\":\"EntryPoint\",\"urlTemplate\":\"https:\\\/\\\/eabctcongress.org\\\/fr\\\/?s={search_term_string}\"},\"query-input\":{\"@type\":\"PropertyValueSpecification\",\"valueRequired\":true,\"valueName\":\"search_term_string\"}}],\"inLanguage\":\"en-US\"}]}<\/script>\n<!-- \/ Yoast SEO plugin. -->","yoast_head_json":{"title":"Le Square - EABCT","robots":{"index":"index","follow":"follow","max-snippet":"max-snippet:-1","max-image-preview":"max-image-preview:large","max-video-preview":"max-video-preview:-1"},"canonical":"https:\/\/eabctcongress.org\/fr\/index.php\/le-square\/","og_locale":"en_US","og_type":"article","og_title":"Le Square - EABCT","og_description":"Lieu du congr\u00e8s Square \u00e0 Bruxelles Le SQUARE Brussels Meeting Centre accueillera le congr\u00e8s EABCT 2026 du 16 au 19 septembre 2026. Ce lieu moderne et inspirant, enti\u00e8rement r\u00e9nov\u00e9 en 2009, peut accueillir plus de 6 000 participants. Il allie avec brio des \u00e9l\u00e9ments historiques, notamment des fresques originales d'artistes tels que Ren\u00e9 Magritte et [&hellip;]","og_url":"https:\/\/eabctcongress.org\/fr\/index.php\/le-square\/","og_site_name":"EABCT","article_modified_time":"2025-10-22T09:39:41+00:00","twitter_card":"summary_large_image","schema":{"@context":"https:\/\/schema.org","@graph":[{"@type":"WebPage","@id":"https:\/\/eabctcongress.org\/fr\/index.php\/le-square\/","url":"https:\/\/eabctcongress.org\/fr\/index.php\/le-square\/","name":"Le Square - EABCT","isPartOf":{"@id":"https:\/\/eabctcongress.org\/fr\/#website"},"datePublished":"2025-10-09T17:52:05+00:00","dateModified":"2025-10-22T09:39:41+00:00","breadcrumb":{"@id":"https:\/\/eabctcongress.org\/fr\/index.php\/le-square\/#breadcrumb"},"inLanguage":"en-US","potentialAction":[{"@type":"ReadAction","target":["https:\/\/eabctcongress.org\/fr\/index.php\/le-square\/"]}]},{"@type":"BreadcrumbList","@id":"https:\/\/eabctcongress.org\/fr\/index.php\/le-square\/#breadcrumb","itemListElement":[{"@type":"ListItem","position":1,"name":"Home","item":"https:\/\/eabctcongress.org\/fr\/"},{"@type":"ListItem","position":2,"name":"Le Square"}]},{"@type":"WebSite","@id":"https:\/\/eabctcongress.org\/fr\/#website","url":"https:\/\/eabctcongress.org\/fr\/","name":"EABCT","description":"","potentialAction":[{"@type":"SearchAction","target":{"@type":"EntryPoint","urlTemplate":"https:\/\/eabctcongress.org\/fr\/?s={search_term_string}"},"query-input":{"@type":"PropertyValueSpecification","valueRequired":true,"valueName":"search_term_string"}}],"inLanguage":"en-US"}]}},"_links":{"self":[{"href":"https:\/\/eabctcongress.org\/fr\/index.php\/wp-json\/wp\/v2\/pages\/223","targetHints":{"allow":["GET"]}}],"collection":[{"href":"https:\/\/eabctcongress.org\/fr\/index.php\/wp-json\/wp\/v2\/pages"}],"about":[{"href":"https:\/\/eabctcongress.org\/fr\/index.php\/wp-json\/wp\/v2\/types\/page"}],"author":[{"embeddable":true,"href":"https:\/\/eabctcongress.org\/fr\/index.php\/wp-json\/wp\/v2\/users\/1"}],"replies":[{"embeddable":true,"href":"https:\/\/eabctcongress.org\/fr\/index.php\/wp-json\/wp\/v2\/comments?post=223"}],"version-history":[{"count":10,"href":"https:\/\/eabctcongress.org\/fr\/index.php\/wp-json\/wp\/v2\/pages\/223\/revisions"}],"predecessor-version":[{"id":388,"href":"https:\/\/eabctcongress.org\/fr\/index.php\/wp-json\/wp\/v2\/pages\/223\/revisions\/388"}],"wp:attachment":[{"href":"https:\/\/eabctcongress.org\/fr\/index.php\/wp-json\/wp\/v2\/media?parent=223"}],"curies":[{"name":"wp","href":"https:\/\/api.w.org\/{rel}","templated":true}]}}

<p>[et_pb_section fb_built=&#8221;1&#8243; _builder_version=&#8221;4.27.4&#8243; _module_preset=&#8221;default&#8221; global_colors_info=&#8221;{}&#8221;][et_pb_row column_structure=&#8221;3_5,2_5&#8243; _builder_version=&#8221;4.27.4&#8243; _module_preset=&#8221;default&#8221; global_colors_info=&#8221;{}&#8221;][et_pb_column type=&#8221;3_5&#8243; _builder_version=&#8221;4.27.4&#8243; _module_preset=&#8221;default&#8221; global_colors_info=&#8221;{}&#8221;][et_pb_text _builder_version=&#8221;4.27.4&#8243; _module_preset=&#8221;default&#8221; hover_enabled=&#8221;0&#8243; global_colors_info=&#8221;{}&#8221; sticky_enabled=&#8221;0&#8243;]</p>
<h3 style="text-align: justify;"><strong><span style="color: #008e90;">Lieu du congrès</span></strong></h3>
<p style="text-align: justify;"><strong><br /><span style="color: #008e90;">Square à Bruxelles</span><br /></strong></p>
<p style="text-align: justify;">Le SQUARE Brussels Meeting Centre accueillera le congrès EABCT 2026 <strong>du 16 au 19 septembre 2026</strong>. Ce lieu moderne et inspirant, entièrement rénové en 2009, peut accueillir plus de 6 000 participants. Il allie avec brio des éléments historiques, notamment des fresques originales d&#8217;artistes tels que René Magritte et Paul Delvaux, à une infrastructure technologique de pointe.</p>
<p style="text-align: justify;">Situé au cœur culturel et historique de Bruxelles, à proximité des institutions européennes, le SQUARE est très accessible, situé au-dessus de la gare internationale et à seulement <strong>17 minutes de l&#8217;aéroport</strong>.</p>
<p>[/et_pb_text][/et_pb_column][et_pb_column type=&#8221;2_5&#8243; _builder_version=&#8221;4.27.4&#8243; _module_preset=&#8221;default&#8221; global_colors_info=&#8221;{}&#8221;][et_pb_image src=&#8221;https://eabctcongress.org/fr/wp-content/uploads/2025/10/Square_2-1024&#215;681.jpg&#8221; title_text=&#8221;Square_2&#8243; _builder_version=&#8221;4.27.4&#8243; _module_preset=&#8221;default&#8221; custom_padding=&#8221;107px|||||&#8221; global_colors_info=&#8221;{}&#8221;][/et_pb_image][/et_pb_column][/et_pb_row][et_pb_row _builder_version=&#8221;4.27.4&#8243; _module_preset=&#8221;default&#8221; global_colors_info=&#8221;{}&#8221;][et_pb_column type=&#8221;4_4&#8243; _builder_version=&#8221;4.27.4&#8243; _module_preset=&#8221;default&#8221; global_colors_info=&#8221;{}&#8221;][et_pb_text _builder_version=&#8221;4.27.4&#8243; _module_preset=&#8221;default&#8221; global_colors_info=&#8221;{}&#8221;]</p>
<p><strong>Accéssibilité</strong></p>
<p>Bien que SQUARE soit un grand centre de réunions et de congrès, nous mettons tout en œuvre pour rendre nos salles accessibles à tous.<br />Quel que soit votre destination à SQUARE, nous vous indiquerons le chemin.</p>
<p>Voici <strong>quatre entrées faciles d&#8217;accès</strong> pour les personnes à mobilité réduite :</p>
<p>&#8211; Coudenberg<br />&#8211; Terrasse du SQUARE<br />&#8211; Rue Ravenstein<br />&#8211; Rue des Sols – accès via le parking niveau -3</p>
<p><strong>Pour utiliser l’ascenseur de la Terasse</strong>, il faut sonner et indiquer que vous venez pour le congrès.<br />Pour sortir du bâtiment, merci de prévenir le personnel de sécurité afin qu’il vous donne l’accès à l’ascenseur.</p>
<p>[/et_pb_text][/et_pb_column][/et_pb_row][et_pb_row _builder_version=&#8221;4.27.4&#8243; _module_preset=&#8221;default&#8221; global_colors_info=&#8221;{}&#8221;][et_pb_column type=&#8221;4_4&#8243; _builder_version=&#8221;4.27.4&#8243; _module_preset=&#8221;default&#8221; global_colors_info=&#8221;{}&#8221;][et_pb_image src=&#8221;https://eabctcongress.org/fr/wp-content/uploads/2025/10/brussels-1024&#215;208.jpg&#8221; title_text=&#8221;brussels&#8221; _builder_version=&#8221;4.27.4&#8243; _module_preset=&#8221;default&#8221; global_colors_info=&#8221;{}&#8221;][/et_pb_image][/et_pb_column][/et_pb_row][/et_pb_section]</p>

<p>Lieu du congrès Square à Bruxelles Le SQUARE Brussels Meeting Centre accueillera le congrès EABCT 2026 du 16 au 19 septembre 2026. Ce lieu moderne et inspirant, entièrement rénové en 2009, peut accueillir plus de 6 000 participants. Il allie avec brio des éléments historiques, notamment des fresques originales d&#8217;artistes tels que René Magritte et [&hellip;]</p>

<!-- This site is optimized with the Yoast SEO plugin v27.4 - https://yoast.com/product/yoast-seo-wordpress/ -->
<title>Le Square - EABCT</title>
<meta name="robots" content="index, follow, max-snippet:-1, max-image-preview:large, max-video-preview:-1" />
<link rel="canonical" href="https://eabctcongress.org/fr/index.php/le-square/" />
<meta property="og:locale" content="en_US" />
<meta property="og:type" content="article" />
<meta property="og:title" content="Le Square - EABCT" />
<meta property="og:description" content="Lieu du congrès Square à Bruxelles Le SQUARE Brussels Meeting Centre accueillera le congrès EABCT 2026 du 16 au 19 septembre 2026. Ce lieu moderne et inspirant, entièrement rénové en 2009, peut accueillir plus de 6 000 participants. Il allie avec brio des éléments historiques, notamment des fresques originales d&#039;artistes tels que René Magritte et [&hellip;]" />
<meta property="og:url" content="https://eabctcongress.org/fr/index.php/le-square/" />
<meta property="og:site_name" content="EABCT" />
<meta property="article:modified_time" content="2025-10-22T09:39:41+00:00" />
<meta name="twitter:card" content="summary_large_image" />
<script type="application/ld+json" class="yoast-schema-graph">{"@context":"https:\/\/schema.org","@graph":[{"@type":"WebPage","@id":"https:\/\/eabctcongress.org\/fr\/index.php\/le-square\/","url":"https:\/\/eabctcongress.org\/fr\/index.php\/le-square\/","name":"Le Square - EABCT","isPartOf":{"@id":"https:\/\/eabctcongress.org\/fr\/#website"},"datePublished":"2025-10-09T17:52:05+00:00","dateModified":"2025-10-22T09:39:41+00:00","breadcrumb":{"@id":"https:\/\/eabctcongress.org\/fr\/index.php\/le-square\/#breadcrumb"},"inLanguage":"en-US","potentialAction":[{"@type":"ReadAction","target":["https:\/\/eabctcongress.org\/fr\/index.php\/le-square\/"]}]},{"@type":"BreadcrumbList","@id":"https:\/\/eabctcongress.org\/fr\/index.php\/le-square\/#breadcrumb","itemListElement":[{"@type":"ListItem","position":1,"name":"Home","item":"https:\/\/eabctcongress.org\/fr\/"},{"@type":"ListItem","position":2,"name":"Le Square"}]},{"@type":"WebSite","@id":"https:\/\/eabctcongress.org\/fr\/#website","url":"https:\/\/eabctcongress.org\/fr\/","name":"EABCT","description":"","potentialAction":[{"@type":"SearchAction","target":{"@type":"EntryPoint","urlTemplate":"https:\/\/eabctcongress.org\/fr\/?s={search_term_string}"},"query-input":{"@type":"PropertyValueSpecification","valueRequired":true,"valueName":"search_term_string"}}],"inLanguage":"en-US"}]}</script>
<!-- / Yoast SEO plugin. -->

Lieu du congrès Square à Bruxelles Le SQUARE Brussels Meeting Centre accueillera le congrès EABCT 2026 du 16 au 19 septembre 2026. Ce lieu moderne et inspirant, entièrement rénové en 2009, peut accueillir plus de 6 000 participants. Il allie avec brio des éléments historiques, notamment des fresques originales d'artistes tels que René Magritte et [&hellip;]
