{"id":660,"date":"2026-01-30T10:48:53","date_gmt":"2026-01-30T10:48:53","guid":{"rendered":"https:\/\/eabctcongress.org\/fr\/?page_id=660"},"modified":"2026-01-30T10:49:40","modified_gmt":"2026-01-30T10:49:40","slug":"hebergement-2","status":"publish","type":"page","link":"https:\/\/eabctcongress.org\/fr\/index.php\/hebergement-2\/","title":{"rendered":"H\u00e9bergement"},"content":{"rendered":"<p>[et_pb_section fb_built=&#8221;1&#8243; _builder_version=&#8221;4.27.5&#8243; _module_preset=&#8221;default&#8221; global_colors_info=&#8221;{}&#8221;][et_pb_row column_structure=&#8221;2_3,1_3&#8243; _builder_version=&#8221;4.27.5&#8243; _module_preset=&#8221;default&#8221; global_colors_info=&#8221;{}&#8221;][et_pb_column type=&#8221;2_3&#8243; _builder_version=&#8221;4.27.5&#8243; _module_preset=&#8221;default&#8221; global_colors_info=&#8221;{}&#8221;][et_pb_text _builder_version=&#8221;4.27.5&#8243; _module_preset=&#8221;default&#8221; hover_enabled=&#8221;0&#8243; global_colors_info=&#8221;{}&#8221; sticky_enabled=&#8221;0&#8243;]<\/p>\n<h4><strong><span>H\u00e9bergement<\/span><\/strong><\/h4>\n<p><strong><span>Congr\u00e8s EABCT 2026 et Ateliers pr\u00e9-congr\u00e8s<\/span><\/strong><\/p>\n<p>Brussels Booking Desk est le prestataire d&#8217;h\u00e9bergement officiel de la conf\u00e9rence et a n\u00e9goci\u00e9 des tarifs pr\u00e9f\u00e9rentiels avec un large \u00e9ventail d&#8217;h\u00f4tels.<\/p>\n<p><span>Les h\u00e9bergements seront attribu\u00e9s selon le principe du premier arriv\u00e9, premier servi, et les tarifs publi\u00e9s seront valables jusqu&#8217;au <strong>mercredi 19 Ao\u00fbt 2026.<\/strong><\/span><\/p>\n<h4><strong><span style=\"color: #ff6600;\">Les r\u00e9servations d&#8217;h\u00f4tel se font en cliquant <\/span><u><a href=\"https:\/\/urlsand.esvalabs.com\/?u=https%3A%2F%2Fsecure.hotel.visitbrussels.be%2Fevent%2Feabct-2026%2Fcongress%2Fsearch&amp;e=7da38bd4&amp;h=0389693d&amp;f=y&amp;p=y\" target=\"_blank\" rel=\"noopener\">ICI<\/a><\/u><\/strong><\/h4>\n<p>Une fois votre chambre r\u00e9serv\u00e9e, vous recevrez une confirmation imm\u00e9diate par courriel.<br \/>Le petit-d\u00e9jeuner est inclus, sauf indication contraire.<\/p>\n<p><span>Pour les r\u00e9servations de groupe de 10 chambres ou plus, ou pour toute autre demande d&#8217;h\u00e9bergement, veuillez nous contacter par e-mail <\/span><span><strong><a href=\"mailto:info@brusselsbookingdesk.be\">info@brusselsbookingdesk.be<\/a><\/strong><br \/><\/span><span>ou appelez-nous au <\/span><strong>+32 498 71 75 42<\/strong> pendant les heures de bureau. Pas de r\u00e9servation par t\u00e9l\u00e9phone.<\/p>\n<p>[\/et_pb_text][\/et_pb_column][et_pb_column type=&#8221;1_3&#8243; _builder_version=&#8221;4.27.5&#8243; _module_preset=&#8221;default&#8221; global_colors_info=&#8221;{}&#8221;][et_pb_text _builder_version=&#8221;4.27.5&#8243; _module_preset=&#8221;default&#8221; custom_padding=&#8221;64px|||||&#8221; global_colors_info=&#8221;{}&#8221;]<\/p>\n<p style=\"text-align: center;\"><img loading=\"lazy\" decoding=\"async\" src=\"https:\/\/eabctcongress.org\/fr\/wp-content\/uploads\/2026\/01\/Accommodation-254x300.jpg\" width=\"194\" height=\"225\" alt=\"\" class=\"wp-image-663 alignnone size-medium\" \/><\/p>\n<p>[\/et_pb_text][\/et_pb_column][\/et_pb_row][\/et_pb_section]<\/p>\n","protected":false},"excerpt":{"rendered":"<p>H\u00e9bergement Congr\u00e8s EABCT 2026 et Ateliers pr\u00e9-congr\u00e8s Brussels Booking Desk est le prestataire d&#8217;h\u00e9bergement officiel de la conf\u00e9rence et a n\u00e9goci\u00e9 des tarifs pr\u00e9f\u00e9rentiels avec un large \u00e9ventail d&#8217;h\u00f4tels. Les h\u00e9bergements seront attribu\u00e9s selon le principe du premier arriv\u00e9, premier servi, et les tarifs publi\u00e9s seront valables jusqu&#8217;au mercredi 19 Ao\u00fbt 2026. Les r\u00e9servations d&#8217;h\u00f4tel [&hellip;]<\/p>\n","protected":false},"author":1,"featured_media":0,"parent":0,"menu_order":0,"comment_status":"closed","ping_status":"closed","template":"","meta":{"_et_pb_use_builder":"on","_et_pb_old_content":"","_et_gb_content_width":"","footnotes":""},"class_list":["post-660","page","type-page","status-publish","hentry"],"yoast_head":"<!-- This site is optimized with the Yoast SEO plugin v27.4 - https:\/\/yoast.com\/product\/yoast-seo-wordpress\/ -->\n<title>H\u00e9bergement - EABCT<\/title>\n<meta name=\"robots\" content=\"index, follow, max-snippet:-1, max-image-preview:large, max-video-preview:-1\" \/>\n<link rel=\"canonical\" href=\"https:\/\/eabctcongress.org\/fr\/index.php\/hebergement-2\/\" \/>\n<meta property=\"og:locale\" content=\"en_US\" \/>\n<meta property=\"og:type\" content=\"article\" \/>\n<meta property=\"og:title\" content=\"H\u00e9bergement - EABCT\" \/>\n<meta property=\"og:description\" content=\"H\u00e9bergement Congr\u00e8s EABCT 2026 et Ateliers pr\u00e9-congr\u00e8s Brussels Booking Desk est le prestataire d&#039;h\u00e9bergement officiel de la conf\u00e9rence et a n\u00e9goci\u00e9 des tarifs pr\u00e9f\u00e9rentiels avec un large \u00e9ventail d&#039;h\u00f4tels. Les h\u00e9bergements seront attribu\u00e9s selon le principe du premier arriv\u00e9, premier servi, et les tarifs publi\u00e9s seront valables jusqu&#039;au mercredi 19 Ao\u00fbt 2026. Les r\u00e9servations d&#039;h\u00f4tel [&hellip;]\" \/>\n<meta property=\"og:url\" content=\"https:\/\/eabctcongress.org\/fr\/index.php\/hebergement-2\/\" \/>\n<meta property=\"og:site_name\" content=\"EABCT\" \/>\n<meta property=\"article:modified_time\" content=\"2026-01-30T10:49:40+00:00\" \/>\n<meta property=\"og:image\" content=\"https:\/\/eabctcongress.org\/fr\/wp-content\/uploads\/2026\/01\/Accommodation.jpg\" \/>\n\t<meta property=\"og:image:width\" content=\"792\" \/>\n\t<meta property=\"og:image:height\" content=\"935\" \/>\n\t<meta property=\"og:image:type\" content=\"image\/jpeg\" \/>\n<meta name=\"twitter:card\" content=\"summary_large_image\" \/>\n<script type=\"application\/ld+json\" class=\"yoast-schema-graph\">{\"@context\":\"https:\\\/\\\/schema.org\",\"@graph\":[{\"@type\":\"WebPage\",\"@id\":\"https:\\\/\\\/eabctcongress.org\\\/fr\\\/index.php\\\/hebergement-2\\\/\",\"url\":\"https:\\\/\\\/eabctcongress.org\\\/fr\\\/index.php\\\/hebergement-2\\\/\",\"name\":\"H\u00e9bergement - EABCT\",\"isPartOf\":{\"@id\":\"https:\\\/\\\/eabctcongress.org\\\/fr\\\/#website\"},\"primaryImageOfPage\":{\"@id\":\"https:\\\/\\\/eabctcongress.org\\\/fr\\\/index.php\\\/hebergement-2\\\/#primaryimage\"},\"image\":{\"@id\":\"https:\\\/\\\/eabctcongress.org\\\/fr\\\/index.php\\\/hebergement-2\\\/#primaryimage\"},\"thumbnailUrl\":\"https:\\\/\\\/eabctcongress.org\\\/fr\\\/wp-content\\\/uploads\\\/2026\\\/01\\\/Accommodation-254x300.jpg\",\"datePublished\":\"2026-01-30T10:48:53+00:00\",\"dateModified\":\"2026-01-30T10:49:40+00:00\",\"breadcrumb\":{\"@id\":\"https:\\\/\\\/eabctcongress.org\\\/fr\\\/index.php\\\/hebergement-2\\\/#breadcrumb\"},\"inLanguage\":\"en-US\",\"potentialAction\":[{\"@type\":\"ReadAction\",\"target\":[\"https:\\\/\\\/eabctcongress.org\\\/fr\\\/index.php\\\/hebergement-2\\\/\"]}]},{\"@type\":\"ImageObject\",\"inLanguage\":\"en-US\",\"@id\":\"https:\\\/\\\/eabctcongress.org\\\/fr\\\/index.php\\\/hebergement-2\\\/#primaryimage\",\"url\":\"https:\\\/\\\/eabctcongress.org\\\/fr\\\/wp-content\\\/uploads\\\/2026\\\/01\\\/Accommodation.jpg\",\"contentUrl\":\"https:\\\/\\\/eabctcongress.org\\\/fr\\\/wp-content\\\/uploads\\\/2026\\\/01\\\/Accommodation.jpg\",\"width\":792,\"height\":935},{\"@type\":\"BreadcrumbList\",\"@id\":\"https:\\\/\\\/eabctcongress.org\\\/fr\\\/index.php\\\/hebergement-2\\\/#breadcrumb\",\"itemListElement\":[{\"@type\":\"ListItem\",\"position\":1,\"name\":\"Home\",\"item\":\"https:\\\/\\\/eabctcongress.org\\\/fr\\\/\"},{\"@type\":\"ListItem\",\"position\":2,\"name\":\"H\u00e9bergement\"}]},{\"@type\":\"WebSite\",\"@id\":\"https:\\\/\\\/eabctcongress.org\\\/fr\\\/#website\",\"url\":\"https:\\\/\\\/eabctcongress.org\\\/fr\\\/\",\"name\":\"EABCT\",\"description\":\"\",\"potentialAction\":[{\"@type\":\"SearchAction\",\"target\":{\"@type\":\"EntryPoint\",\"urlTemplate\":\"https:\\\/\\\/eabctcongress.org\\\/fr\\\/?s={search_term_string}\"},\"query-input\":{\"@type\":\"PropertyValueSpecification\",\"valueRequired\":true,\"valueName\":\"search_term_string\"}}],\"inLanguage\":\"en-US\"}]}<\/script>\n<!-- \/ Yoast SEO plugin. -->","yoast_head_json":{"title":"H\u00e9bergement - EABCT","robots":{"index":"index","follow":"follow","max-snippet":"max-snippet:-1","max-image-preview":"max-image-preview:large","max-video-preview":"max-video-preview:-1"},"canonical":"https:\/\/eabctcongress.org\/fr\/index.php\/hebergement-2\/","og_locale":"en_US","og_type":"article","og_title":"H\u00e9bergement - EABCT","og_description":"H\u00e9bergement Congr\u00e8s EABCT 2026 et Ateliers pr\u00e9-congr\u00e8s Brussels Booking Desk est le prestataire d'h\u00e9bergement officiel de la conf\u00e9rence et a n\u00e9goci\u00e9 des tarifs pr\u00e9f\u00e9rentiels avec un large \u00e9ventail d'h\u00f4tels. Les h\u00e9bergements seront attribu\u00e9s selon le principe du premier arriv\u00e9, premier servi, et les tarifs publi\u00e9s seront valables jusqu'au mercredi 19 Ao\u00fbt 2026. Les r\u00e9servations d'h\u00f4tel [&hellip;]","og_url":"https:\/\/eabctcongress.org\/fr\/index.php\/hebergement-2\/","og_site_name":"EABCT","article_modified_time":"2026-01-30T10:49:40+00:00","og_image":[{"width":792,"height":935,"url":"https:\/\/eabctcongress.org\/fr\/wp-content\/uploads\/2026\/01\/Accommodation.jpg","type":"image\/jpeg"}],"twitter_card":"summary_large_image","schema":{"@context":"https:\/\/schema.org","@graph":[{"@type":"WebPage","@id":"https:\/\/eabctcongress.org\/fr\/index.php\/hebergement-2\/","url":"https:\/\/eabctcongress.org\/fr\/index.php\/hebergement-2\/","name":"H\u00e9bergement - EABCT","isPartOf":{"@id":"https:\/\/eabctcongress.org\/fr\/#website"},"primaryImageOfPage":{"@id":"https:\/\/eabctcongress.org\/fr\/index.php\/hebergement-2\/#primaryimage"},"image":{"@id":"https:\/\/eabctcongress.org\/fr\/index.php\/hebergement-2\/#primaryimage"},"thumbnailUrl":"https:\/\/eabctcongress.org\/fr\/wp-content\/uploads\/2026\/01\/Accommodation-254x300.jpg","datePublished":"2026-01-30T10:48:53+00:00","dateModified":"2026-01-30T10:49:40+00:00","breadcrumb":{"@id":"https:\/\/eabctcongress.org\/fr\/index.php\/hebergement-2\/#breadcrumb"},"inLanguage":"en-US","potentialAction":[{"@type":"ReadAction","target":["https:\/\/eabctcongress.org\/fr\/index.php\/hebergement-2\/"]}]},{"@type":"ImageObject","inLanguage":"en-US","@id":"https:\/\/eabctcongress.org\/fr\/index.php\/hebergement-2\/#primaryimage","url":"https:\/\/eabctcongress.org\/fr\/wp-content\/uploads\/2026\/01\/Accommodation.jpg","contentUrl":"https:\/\/eabctcongress.org\/fr\/wp-content\/uploads\/2026\/01\/Accommodation.jpg","width":792,"height":935},{"@type":"BreadcrumbList","@id":"https:\/\/eabctcongress.org\/fr\/index.php\/hebergement-2\/#breadcrumb","itemListElement":[{"@type":"ListItem","position":1,"name":"Home","item":"https:\/\/eabctcongress.org\/fr\/"},{"@type":"ListItem","position":2,"name":"H\u00e9bergement"}]},{"@type":"WebSite","@id":"https:\/\/eabctcongress.org\/fr\/#website","url":"https:\/\/eabctcongress.org\/fr\/","name":"EABCT","description":"","potentialAction":[{"@type":"SearchAction","target":{"@type":"EntryPoint","urlTemplate":"https:\/\/eabctcongress.org\/fr\/?s={search_term_string}"},"query-input":{"@type":"PropertyValueSpecification","valueRequired":true,"valueName":"search_term_string"}}],"inLanguage":"en-US"}]}},"_links":{"self":[{"href":"https:\/\/eabctcongress.org\/fr\/index.php\/wp-json\/wp\/v2\/pages\/660","targetHints":{"allow":["GET"]}}],"collection":[{"href":"https:\/\/eabctcongress.org\/fr\/index.php\/wp-json\/wp\/v2\/pages"}],"about":[{"href":"https:\/\/eabctcongress.org\/fr\/index.php\/wp-json\/wp\/v2\/types\/page"}],"author":[{"embeddable":true,"href":"https:\/\/eabctcongress.org\/fr\/index.php\/wp-json\/wp\/v2\/users\/1"}],"replies":[{"embeddable":true,"href":"https:\/\/eabctcongress.org\/fr\/index.php\/wp-json\/wp\/v2\/comments?post=660"}],"version-history":[{"count":3,"href":"https:\/\/eabctcongress.org\/fr\/index.php\/wp-json\/wp\/v2\/pages\/660\/revisions"}],"predecessor-version":[{"id":665,"href":"https:\/\/eabctcongress.org\/fr\/index.php\/wp-json\/wp\/v2\/pages\/660\/revisions\/665"}],"wp:attachment":[{"href":"https:\/\/eabctcongress.org\/fr\/index.php\/wp-json\/wp\/v2\/media?parent=660"}],"curies":[{"name":"wp","href":"https:\/\/api.w.org\/{rel}","templated":true}]}}

Hébergement

<p>[et_pb_section fb_built=&#8221;1&#8243; _builder_version=&#8221;4.27.5&#8243; _module_preset=&#8221;default&#8221; global_colors_info=&#8221;{}&#8221;][et_pb_row column_structure=&#8221;2_3,1_3&#8243; _builder_version=&#8221;4.27.5&#8243; _module_preset=&#8221;default&#8221; global_colors_info=&#8221;{}&#8221;][et_pb_column type=&#8221;2_3&#8243; _builder_version=&#8221;4.27.5&#8243; _module_preset=&#8221;default&#8221; global_colors_info=&#8221;{}&#8221;][et_pb_text _builder_version=&#8221;4.27.5&#8243; _module_preset=&#8221;default&#8221; hover_enabled=&#8221;0&#8243; global_colors_info=&#8221;{}&#8221; sticky_enabled=&#8221;0&#8243;]</p>
<h4><strong><span>Hébergement</span></strong></h4>
<p><strong><span>Congrès EABCT 2026 et Ateliers pré-congrès</span></strong></p>
<p>Brussels Booking Desk est le prestataire d&#8217;hébergement officiel de la conférence et a négocié des tarifs préférentiels avec un large éventail d&#8217;hôtels.</p>
<p><span>Les hébergements seront attribués selon le principe du premier arrivé, premier servi, et les tarifs publiés seront valables jusqu&#8217;au <strong>mercredi 19 Août 2026.</strong></span></p>
<h4><strong><span style="color: #ff6600;">Les réservations d&#8217;hôtel se font en cliquant </span><u><a href="https://urlsand.esvalabs.com/?u=https%3A%2F%2Fsecure.hotel.visitbrussels.be%2Fevent%2Feabct-2026%2Fcongress%2Fsearch&amp;e=7da38bd4&amp;h=0389693d&amp;f=y&amp;p=y" target="_blank" rel="noopener">ICI</a></u></strong></h4>
<p>Une fois votre chambre réservée, vous recevrez une confirmation immédiate par courriel.<br />Le petit-déjeuner est inclus, sauf indication contraire.</p>
<p><span>Pour les réservations de groupe de 10 chambres ou plus, ou pour toute autre demande d&#8217;hébergement, veuillez nous contacter par e-mail </span><span><strong><a href="mailto:info@brusselsbookingdesk.be">info@brusselsbookingdesk.be</a></strong><br /></span><span>ou appelez-nous au </span><strong>+32 498 71 75 42</strong> pendant les heures de bureau. Pas de réservation par téléphone.</p>
<p>[/et_pb_text][/et_pb_column][et_pb_column type=&#8221;1_3&#8243; _builder_version=&#8221;4.27.5&#8243; _module_preset=&#8221;default&#8221; global_colors_info=&#8221;{}&#8221;][et_pb_text _builder_version=&#8221;4.27.5&#8243; _module_preset=&#8221;default&#8221; custom_padding=&#8221;64px|||||&#8221; global_colors_info=&#8221;{}&#8221;]</p>
<p style="text-align: center;"><img loading="lazy" decoding="async" src="https://eabctcongress.org/fr/wp-content/uploads/2026/01/Accommodation-254x300.jpg" width="194" height="225" alt="" class="wp-image-663 alignnone size-medium" /></p>
<p>[/et_pb_text][/et_pb_column][/et_pb_row][/et_pb_section]</p>

<p>Hébergement Congrès EABCT 2026 et Ateliers pré-congrès Brussels Booking Desk est le prestataire d&#8217;hébergement officiel de la conférence et a négocié des tarifs préférentiels avec un large éventail d&#8217;hôtels. Les hébergements seront attribués selon le principe du premier arrivé, premier servi, et les tarifs publiés seront valables jusqu&#8217;au mercredi 19 Août 2026. Les réservations d&#8217;hôtel [&hellip;]</p>

<!-- This site is optimized with the Yoast SEO plugin v27.4 - https://yoast.com/product/yoast-seo-wordpress/ -->
<title>Hébergement - EABCT</title>
<meta name="robots" content="index, follow, max-snippet:-1, max-image-preview:large, max-video-preview:-1" />
<link rel="canonical" href="https://eabctcongress.org/fr/index.php/hebergement-2/" />
<meta property="og:locale" content="en_US" />
<meta property="og:type" content="article" />
<meta property="og:title" content="Hébergement - EABCT" />
<meta property="og:description" content="Hébergement Congrès EABCT 2026 et Ateliers pré-congrès Brussels Booking Desk est le prestataire d&#039;hébergement officiel de la conférence et a négocié des tarifs préférentiels avec un large éventail d&#039;hôtels. Les hébergements seront attribués selon le principe du premier arrivé, premier servi, et les tarifs publiés seront valables jusqu&#039;au mercredi 19 Août 2026. Les réservations d&#039;hôtel [&hellip;]" />
<meta property="og:url" content="https://eabctcongress.org/fr/index.php/hebergement-2/" />
<meta property="og:site_name" content="EABCT" />
<meta property="article:modified_time" content="2026-01-30T10:49:40+00:00" />
<meta property="og:image" content="https://eabctcongress.org/fr/wp-content/uploads/2026/01/Accommodation.jpg" />
	<meta property="og:image:width" content="792" />
	<meta property="og:image:height" content="935" />
	<meta property="og:image:type" content="image/jpeg" />
<meta name="twitter:card" content="summary_large_image" />
<script type="application/ld+json" class="yoast-schema-graph">{"@context":"https:\/\/schema.org","@graph":[{"@type":"WebPage","@id":"https:\/\/eabctcongress.org\/fr\/index.php\/hebergement-2\/","url":"https:\/\/eabctcongress.org\/fr\/index.php\/hebergement-2\/","name":"Hébergement - EABCT","isPartOf":{"@id":"https:\/\/eabctcongress.org\/fr\/#website"},"primaryImageOfPage":{"@id":"https:\/\/eabctcongress.org\/fr\/index.php\/hebergement-2\/#primaryimage"},"image":{"@id":"https:\/\/eabctcongress.org\/fr\/index.php\/hebergement-2\/#primaryimage"},"thumbnailUrl":"https:\/\/eabctcongress.org\/fr\/wp-content\/uploads\/2026\/01\/Accommodation-254x300.jpg","datePublished":"2026-01-30T10:48:53+00:00","dateModified":"2026-01-30T10:49:40+00:00","breadcrumb":{"@id":"https:\/\/eabctcongress.org\/fr\/index.php\/hebergement-2\/#breadcrumb"},"inLanguage":"en-US","potentialAction":[{"@type":"ReadAction","target":["https:\/\/eabctcongress.org\/fr\/index.php\/hebergement-2\/"]}]},{"@type":"ImageObject","inLanguage":"en-US","@id":"https:\/\/eabctcongress.org\/fr\/index.php\/hebergement-2\/#primaryimage","url":"https:\/\/eabctcongress.org\/fr\/wp-content\/uploads\/2026\/01\/Accommodation.jpg","contentUrl":"https:\/\/eabctcongress.org\/fr\/wp-content\/uploads\/2026\/01\/Accommodation.jpg","width":792,"height":935},{"@type":"BreadcrumbList","@id":"https:\/\/eabctcongress.org\/fr\/index.php\/hebergement-2\/#breadcrumb","itemListElement":[{"@type":"ListItem","position":1,"name":"Home","item":"https:\/\/eabctcongress.org\/fr\/"},{"@type":"ListItem","position":2,"name":"Hébergement"}]},{"@type":"WebSite","@id":"https:\/\/eabctcongress.org\/fr\/#website","url":"https:\/\/eabctcongress.org\/fr\/","name":"EABCT","description":"","potentialAction":[{"@type":"SearchAction","target":{"@type":"EntryPoint","urlTemplate":"https:\/\/eabctcongress.org\/fr\/?s={search_term_string}"},"query-input":{"@type":"PropertyValueSpecification","valueRequired":true,"valueName":"search_term_string"}}],"inLanguage":"en-US"}]}</script>
<!-- / Yoast SEO plugin. -->

Hébergement - EABCT

Hébergement Congrès EABCT 2026 et Ateliers pré-congrès Brussels Booking Desk est le prestataire d'hébergement officiel de la conférence et a négocié des tarifs préférentiels avec un large éventail d'hôtels. Les hébergements seront attribués selon le principe du premier arrivé, premier servi, et les tarifs publiés seront valables jusqu'au mercredi 19 Août 2026. Les réservations d'hôtel [&hellip;]
