{"id":108,"date":"2025-05-08T16:26:18","date_gmt":"2025-05-08T16:26:18","guid":{"rendered":"https:\/\/eabctcongress.org\/?page_id=108"},"modified":"2026-03-18T08:41:45","modified_gmt":"2026-03-18T08:41:45","slug":"fees","status":"publish","type":"page","link":"https:\/\/eabctcongress.org\/index.php\/fees\/","title":{"rendered":"Fees"},"content":{"rendered":"<p>[et_pb_section fb_built=&#8221;1&#8243; admin_label=&#8221;section&#8221; _builder_version=&#8221;4.16&#8243; custom_padding=&#8221;30px||17px|||&#8221; global_colors_info=&#8221;{}&#8221;][et_pb_row _builder_version=&#8221;4.16&#8243; _module_preset=&#8221;default&#8221; custom_padding=&#8221;2px||9px|||&#8221; global_colors_info=&#8221;{}&#8221;][et_pb_column type=&#8221;4_4&#8243; _builder_version=&#8221;4.16&#8243; _module_preset=&#8221;default&#8221; global_colors_info=&#8221;{}&#8221;][et_pb_text _builder_version=&#8221;4.27.6&#8243; _module_preset=&#8221;default&#8221; global_colors_info=&#8221;{}&#8221;]<\/p>\n<div class=\"et_pb_module et_pb_text et_pb_text_2  et_pb_text_align_justified et_pb_bg_layout_light\">\n<div class=\"et_pb_text_inner\">\n<h3><span style=\"color: #008e90;\"><strong>Fees<\/strong><\/span><\/h3>\n<p><span style=\"color: #008e90;\"><strong><\/strong><\/span><span style=\"color: #333333;\">All registrations fees include refreshments and lunch each day.<br \/><span lang=\"en-BE\">All registration fees include local VAT<\/span>.<\/span><\/p>\n<p>&nbsp;<\/p>\n<\/div>\n<div class=\"et_pb_module et_pb_text et_pb_text_3  et_pb_text_align_left et_pb_bg_layout_light\">\n<div class=\"et_pb_text_inner\">\n<table style=\"height: 377px; width: 782px;\">\n<tbody>\n<tr style=\"height: 72px;\">\n<td style=\"width: 263.297px; height: 72px;\" bgcolor=\"#00375d\"><img loading=\"lazy\" decoding=\"async\" src=\"https:\/\/eabctcongress.org\/wp-content\/uploads\/2025\/05\/eabct_2-300x205.jpg\" width=\"300\" height=\"205\" alt=\"\" class=\"wp-image-22 alignnone size-medium\" \/><\/td>\n<td style=\"width: 150.594px; height: 72px;\" td=\"\" bgcolor=\"#00375d\"><center><span style=\"color: #ffffff;\"><strong>Early bird<br \/><\/strong><strong>until 28th June<\/strong><\/span><\/center><center><span style=\"color: #ffffff;\"><strong>2026<\/strong><\/span><\/center><\/td>\n<td style=\"width: 168.469px; height: 72px;\" td=\"\" bgcolor=\"#008e90\"><center><span style=\"color: #ffffff;\"><strong>Standard<br \/>until 15th August<\/strong><\/span><\/center><center><span style=\"color: #ffffff;\"><strong>2026<\/strong><\/span><\/center><\/td>\n<td style=\"width: 171.641px; height: 72px;\" td=\"\" bgcolor=\"#1bb27f\"><center><span style=\"color: #ffffff;\"><strong>From 16th August 2026<\/strong><\/span><\/center><center><span style=\"color: #ffffff;\"><strong>to Onsite <\/strong><\/span><br \/><span style=\"color: #ffffff;\"><strong><\/strong><\/span><span style=\"color: #ffffff;\"><strong><\/strong><\/span><\/center><\/td>\n<\/tr>\n<tr style=\"height: 24px; text-align: left;\">\n<td colspan=\"4\" height:=\"\" 24px=\"\" bgcolor=\"#d2dae7\" style=\"width: 772px; height: 24px;\"><strong>Congress registration<\/strong><\/td>\n<\/tr>\n<tr style=\"height: 24px; text-align: left;\">\n<td style=\"width: 263.297px; height: 24px;\">Member<\/td>\n<td style=\"width: 150.594px; height: 24px; text-align: center;\">\u20ac 475<\/td>\n<td style=\"width: 168.469px; height: 24px; text-align: center;\">\u20ac 545<\/td>\n<td style=\"width: 171.641px; height: 24px; text-align: center;\">\u20ac 595<\/td>\n<\/tr>\n<tr style=\"height: 24px; text-align: left;\">\n<td style=\"width: 263.297px; height: 24px;\">Non-Members<\/td>\n<td style=\"width: 150.594px; height: 24px; text-align: center;\">\u20ac 575<\/td>\n<td style=\"width: 168.469px; height: 24px; text-align: center;\">\u20ac 645<\/td>\n<td style=\"width: 171.641px; height: 24px; text-align: center;\">\u20ac 695<\/td>\n<\/tr>\n<tr style=\"text-align: left;\">\n<td style=\"width: 263.297px; height: 10px;\">Emerging \u00a0Countries* &amp; Students<\/td>\n<td style=\"width: 150.594px; text-align: center; height: 10px;\">\u20ac 280<\/td>\n<td style=\"width: 168.469px; text-align: center; height: 10px;\">\u20ac 345<\/td>\n<td style=\"width: 171.641px; text-align: center; height: 10px;\">\u20ac 395<\/td>\n<\/tr>\n<tr>\n<td style=\"width: 263.297px;\">Accompanying person <span lang=\"en-BE\">(refreshments only \u2013 no access to meetings)<\/span><\/td>\n<td style=\"width: 150.594px; text-align: center;\">\u20ac 180<\/td>\n<td style=\"width: 168.469px; text-align: center;\">\u20ac 180<\/td>\n<td style=\"width: 171.641px; text-align: center;\">\u20ac 180<\/td>\n<\/tr>\n<tr style=\"height: 24px; text-align: left;\">\n<td colspan=\"4\" height:=\"\" 24px=\"\" bgcolor=\"#d2dae7\" style=\"width: 772px; height: 24px;\"><strong>Daily Pass<\/strong><\/td>\n<\/tr>\n<tr style=\"height: 24px; text-align: left;\">\n<td style=\"width: 263.297px; height: 24px;\">Member<\/td>\n<td style=\"width: 150.594px; height: 24px; text-align: center;\">\u20ac 200<\/td>\n<td style=\"width: 168.469px; height: 24px; text-align: center;\">\u20ac 230<\/td>\n<td style=\"width: 171.641px; height: 24px; text-align: center;\">\u20ac 260<\/td>\n<\/tr>\n<tr style=\"height: 24px;\">\n<td style=\"width: 263.297px; height: 24px;\">Non-Members<\/td>\n<td style=\"width: 150.594px; text-align: center; height: 24px;\">\u20ac 250<\/td>\n<td style=\"width: 168.469px; text-align: center; height: 24px;\">\u20ac 280<\/td>\n<td style=\"width: 171.641px; text-align: center; height: 24px;\">\u20ac 310<\/td>\n<\/tr>\n<tr style=\"height: 24px;\">\n<td style=\"width: 263.297px; height: 24px;\">Emerging \u00a0Countries* &amp; Students<\/td>\n<td style=\"width: 150.594px; text-align: center; height: 24px;\">\u20ac 160<\/td>\n<td style=\"width: 168.469px; text-align: center; height: 24px;\">\u20ac 190<\/td>\n<td style=\"width: 171.641px; text-align: center; height: 24px;\">\u20ac 220<\/td>\n<\/tr>\n<tr style=\"height: 24px;\">\n<td colspan=\"4\" height:=\"\" 24px=\"\" bgcolor=\"#d2dae7\" style=\"width: 772px; height: 24px;\"><strong>Pre-congress workshops<\/strong><\/td>\n<\/tr>\n<tr style=\"height: 24px;\">\n<td style=\"width: 263.297px; height: 24px;\">Member<\/td>\n<td style=\"width: 150.594px; height: 24px;\"><center>\u20ac 110<\/center><\/td>\n<td style=\"width: 168.469px; height: 24px;\"><center>\u20ac 140<\/center><\/td>\n<td style=\"width: 171.641px; height: 24px;\"><center>\u20ac 170<\/center><\/td>\n<\/tr>\n<tr style=\"height: 24px;\">\n<td style=\"width: 263.297px; height: 24px;\">Non-members<\/td>\n<td style=\"width: 150.594px; height: 24px;\"><center>\u20ac 180<\/center><\/td>\n<td style=\"width: 168.469px; height: 24px;\"><center>\u20ac 210<\/center><\/td>\n<td style=\"width: 171.641px; height: 24px; text-align: left;\"><center>\u20ac 240<\/center><\/td>\n<\/tr>\n<tr style=\"height: 24px; text-align: left;\">\n<td style=\"width: 263.297px; height: 31px;\">Emerging \u00a0Countries* &amp; Students<\/td>\n<td style=\"width: 150.594px; height: 31px;\"><center>\u20ac 75<\/center><\/td>\n<td style=\"width: 168.469px; height: 31px;\"><center>\u20ac 100<\/center><\/td>\n<td style=\"width: 171.641px; height: 31px;\"><center>\u20ac 125<\/center><\/td>\n<\/tr>\n<tr>\n<td style=\"width: 263.297px;\">Accompanying person <span lang=\"en-BE\">(refreshments only \u2013 no access to meetings)<\/span><\/td>\n<td style=\"width: 150.594px; text-align: center;\">\u20ac 80<\/td>\n<td style=\"width: 168.469px; text-align: center;\">\u20ac 80<\/td>\n<td style=\"width: 171.641px; text-align: center;\">\u20ac 80<\/td>\n<\/tr>\n<\/tbody>\n<\/table>\n<table style=\"height: 10px; width: 782px;\">\n<tbody>\n<tr style=\"height: 24px; text-align: left;\">\n<td style=\"width: 263.297px; height: 10px;\">Congress dinner<\/td>\n<td style=\"width: 150.594px; height: 10px; text-align: center;\">\u20ac 98<\/td>\n<td style=\"width: 168.469px; height: 10px; text-align: center;\">\u20ac 98<\/td>\n<td style=\"width: 171.641px; height: 10px; text-align: center;\">\u20ac 98<\/td>\n<\/tr>\n<tr style=\"height: 24px; text-align: left;\">\n<td style=\"width: 263.297px; height: 10px;\">International evening<\/td>\n<td style=\"width: 150.594px; height: 10px; text-align: center;\">\u20ac 35<\/td>\n<td style=\"width: 168.469px; height: 10px; text-align: center;\">\u20ac 35<\/td>\n<td style=\"width: 171.641px; height: 10px; text-align: center;\">\u20ac 35<\/td>\n<\/tr>\n<\/tbody>\n<tbody><\/tbody>\n<\/table>\n<\/div>\n<\/div>\n<\/div>\n<p>[\/et_pb_text][\/et_pb_column][\/et_pb_row][et_pb_row _builder_version=&#8221;4.27.4&#8243; _module_preset=&#8221;default&#8221; custom_padding=&#8221;6px|||||&#8221; global_colors_info=&#8221;{}&#8221;][et_pb_column type=&#8221;4_4&#8243; _builder_version=&#8221;4.27.4&#8243; _module_preset=&#8221;default&#8221; global_colors_info=&#8221;{}&#8221;][et_pb_toggle title=&#8221;*The Emerging Countries rate is available to delegates from the countries listed here.&#8221; _builder_version=&#8221;4.27.6&#8243; _module_preset=&#8221;default&#8221; max_width=&#8221;73%&#8221; hover_enabled=&#8221;0&#8243; global_colors_info=&#8221;{}&#8221; sticky_enabled=&#8221;0&#8243;]<\/p>\n<h3><span style=\"color: #008e90;\">Emerging Countries<\/span><\/h3>\n<p><strong>Emerging and Developing Economies<br \/><\/strong>Afghanistan<br \/>Albania<br \/>Algeria<br \/>Angola<br \/>Antigua and Barbuda<br \/>Argentina<br \/>Armenia<br \/>Aruba<br \/>Azerbaijan<br \/>The Bahamas<br \/>Bahrain<br \/>Bangladesh<br \/>Barbados<br \/>Belarus<br \/>Belize<br \/>Benin<br \/>Bhutan<br \/>Bolivia<br \/>Bosnia and Herzegovina<br \/>Botswana<br \/>Brazil<br \/>Brunei Darussalam<br \/>Bulgaria<br \/>Burkina Faso<br \/>Burundi<br \/>Cabo Verde<br \/>Cambodia<br \/>Cameroon<br \/>Central African Republic<br \/>Chad<br \/>Chile<br \/>China<br \/>Colombia<br \/>Comoros<br \/>Democratic Republic<br \/>of the Congo<br \/>Republic of Congo<br \/>Costa Rica<br \/>C\u00f4te d&#8217;Ivoire<br \/>Djibouti<br \/>Dominica<br \/>Dominican Republic<br \/>Ecuador<br \/>Egypt<br \/>El Salvador<br \/>Equatorial Guinea<br \/>Eritrea<br \/>Eswatini<br \/>Ethiopia<br \/>Fiji<br \/>Gabon<br \/>The Gambia<br \/>Georgia<br \/>Ghana<br \/>Grenada<br \/>Guatemala<br \/>Guinea<br \/>Guinea-Bissau<br \/>Guyana<br \/>Haiti<br \/>Honduras<br \/>Hungary<br \/>India<br \/>Indonesia<br \/>Iran<br \/>Iraq<br \/>Jamaica<br \/>Jordan<br \/>Kazakhstan<br \/>Kenya<br \/>Kiribati<br \/>Kosovo<br \/>Kuwait<br \/>Kyrgyz Republic<br \/>Lao P.D.R.<br \/>Lebanon<br \/>Lesotho<br \/>Liberia<br \/>Libya<br \/>Madagascar<br \/>Malawi<br \/>Malaysia<br \/>Maldives<br \/>Mali<br \/>Marshall Islands<br \/>Mauritania<br \/>Mauritius<br \/>Mexico<br \/>Micronesia<br \/>Moldova<br \/>Mongolia<br \/>Montenegro<br \/>Morocco<br \/>Mozambique<br \/>Myanmar<br \/>Namibia<br \/>Nauru<br \/>Nepal<br \/>Nicaragua<br \/>Niger<br \/>Nigeria<br \/>North Macedonia<br \/>Oman<br \/>Pakistan<br \/>Palau<br \/>Panama<br \/>Papua New Guinea<br \/>Paraguay<br \/>Peru<br \/>Philippines<br \/>Poland<br \/>Qatar<br \/>Romania<br \/>Russia<br \/>Rwanda<br \/>Samoa<br \/>S\u00e3o Tom\u00e9 and Pr\u00edncipe<br \/>Saudi Arabia<br \/>Senegal<br \/>Serbia<br \/>Seychelles<br \/>Sierra Leone<br \/>Solomon Islands<br \/>Somalia<br \/>South Africa<br \/>South Sudan<br \/>Sri Lanka<br \/>St. Kitts and Nevis<br \/>St. Lucia<br \/>St. Vincent and the Grenadines<br \/>Sudan<br \/>Suriname<br \/>Syria<br \/>Tajikistan<br \/>Tanzania<br \/>Thailand<br \/>Timor-Leste<br \/>Togo<br \/>Tonga<br \/>Trinidad and Tobago<br \/>Tunisia<br \/>T\u00fcrkiye<br \/>Turkmenistan<br \/>Tuvalu<br \/>Uganda<br \/>Ukraine<br \/>United Arab Emirates<br \/>Uruguay<br \/>Uzbekistan<br \/>Vanuatu<br \/>Venezuela<br \/>Vietnam<br \/>West Bank and Gaza<br \/>Yemen<br \/>Zambia<br \/>Zimbabwe<\/p>\n<p>[\/et_pb_toggle][\/et_pb_column][\/et_pb_row][\/et_pb_section]<\/p>\n","protected":false},"excerpt":{"rendered":"<p>Fees All registrations fees include refreshments and lunch each day.All registration fees include local VAT. &nbsp; Early birduntil 28th June2026 Standarduntil 15th August2026 From 16th August 2026to Onsite Congress registration Member \u20ac 475 \u20ac 545 \u20ac 595 Non-Members \u20ac 575 \u20ac 645 \u20ac 695 Emerging \u00a0Countries* &amp; Students \u20ac 280 \u20ac 345 \u20ac 395 Accompanying [&hellip;]<\/p>\n","protected":false},"author":1,"featured_media":0,"parent":0,"menu_order":0,"comment_status":"closed","ping_status":"closed","template":"","meta":{"_et_pb_use_builder":"on","_et_pb_old_content":"<!-- wp:heading {\"level\":4} -->\n<h4 class=\"wp-block-heading\">MAIN-CONGRESS REGISTRATION<\/h4>\n<!-- \/wp:heading -->\n\n<!-- wp:table -->\n<figure class=\"wp-block-table\"><table class=\"has-fixed-layout\"><tbody><tr><td><\/td><td><strong>Early bird<br><\/strong><strong>until 30th June<\/strong><\/td><td><strong>Standard<br>until 31st August<\/strong><\/td><td><strong>Late\/Onsite<\/strong><br><strong>As of 1st September<\/strong><\/td><\/tr><tr><td colspan=\"4\"><strong>Pre-congress workshops<\/strong><\/td><\/tr><tr><td>Member<\/td><td>120 \u20ac<\/td><td>150 \u20ac<\/td><td>150 \u20ac<\/td><\/tr><tr><td>Non-members<\/td><td>130 \u20ac<\/td><td>170 \u20ac<\/td><td>170 \u20ac<\/td><\/tr><tr><td>Students and Delegates<br>from emerging countries<\/td><td>75 \u20ac<\/td><td>75 \u20ac<\/td><td>75 \u20ac<\/td><\/tr><tr><td colspan=\"4\"><strong>Congress<\/strong><\/td><\/tr><tr><td>Member rate<\/td><td>450 \u20ac<\/td><td>520 \u20ac<\/td><td>570 \u20ac<\/td><\/tr><tr><td>Non-Members<\/td><td>550 \u20ac<\/td><td>620 \u20ac<\/td><td>670 \u20ac<\/td><\/tr><tr><td>Students and Delegates<br>from emerging countries<\/td><td>275 \u20ac<\/td><td>310 \u20ac<\/td><td>350 \u20ac<\/td><\/tr><\/tbody><\/table><\/figure>\n<!-- \/wp:table -->","_et_gb_content_width":"","footnotes":""},"class_list":["post-108","page","type-page","status-publish","hentry"],"yoast_head":"<!-- This site is optimized with the Yoast SEO plugin v27.4 - https:\/\/yoast.com\/product\/yoast-seo-wordpress\/ -->\n<title>Fees - EABCT Congress 2026 Brussels<\/title>\n<meta name=\"robots\" content=\"index, follow, max-snippet:-1, max-image-preview:large, max-video-preview:-1\" \/>\n<link rel=\"canonical\" href=\"https:\/\/eabctcongress.org\/index.php\/fees\/\" \/>\n<meta property=\"og:locale\" content=\"en_GB\" \/>\n<meta property=\"og:type\" content=\"article\" \/>\n<meta property=\"og:title\" content=\"Fees - EABCT Congress 2026 Brussels\" \/>\n<meta property=\"og:description\" content=\"Fees All registrations fees include refreshments and lunch each day.All registration fees include local VAT. &nbsp; Early birduntil 28th June2026 Standarduntil 15th August2026 From 16th August 2026to Onsite Congress registration Member \u20ac 475 \u20ac 545 \u20ac 595 Non-Members \u20ac 575 \u20ac 645 \u20ac 695 Emerging \u00a0Countries* &amp; Students \u20ac 280 \u20ac 345 \u20ac 395 Accompanying [&hellip;]\" \/>\n<meta property=\"og:url\" content=\"https:\/\/eabctcongress.org\/index.php\/fees\/\" \/>\n<meta property=\"og:site_name\" content=\"EABCT Congress 2026 Brussels\" \/>\n<meta property=\"article:modified_time\" content=\"2026-03-18T08:41:45+00:00\" \/>\n<meta property=\"og:image\" content=\"https:\/\/eabctcongress.org\/wp-content\/uploads\/2025\/05\/eabct_2.jpg\" \/>\n\t<meta property=\"og:image:width\" content=\"501\" \/>\n\t<meta property=\"og:image:height\" content=\"343\" \/>\n\t<meta property=\"og:image:type\" content=\"image\/jpeg\" \/>\n<meta name=\"twitter:card\" content=\"summary_large_image\" \/>\n<meta name=\"twitter:label1\" content=\"Estimated reading time\" \/>\n\t<meta name=\"twitter:data1\" content=\"1 minute\" \/>\n<script type=\"application\/ld+json\" class=\"yoast-schema-graph\">{\"@context\":\"https:\\\/\\\/schema.org\",\"@graph\":[{\"@type\":\"WebPage\",\"@id\":\"https:\\\/\\\/eabctcongress.org\\\/index.php\\\/fees\\\/\",\"url\":\"https:\\\/\\\/eabctcongress.org\\\/index.php\\\/fees\\\/\",\"name\":\"Fees - EABCT Congress 2026 Brussels\",\"isPartOf\":{\"@id\":\"https:\\\/\\\/eabctcongress.org\\\/#website\"},\"primaryImageOfPage\":{\"@id\":\"https:\\\/\\\/eabctcongress.org\\\/index.php\\\/fees\\\/#primaryimage\"},\"image\":{\"@id\":\"https:\\\/\\\/eabctcongress.org\\\/index.php\\\/fees\\\/#primaryimage\"},\"thumbnailUrl\":\"https:\\\/\\\/eabctcongress.org\\\/wp-content\\\/uploads\\\/2025\\\/05\\\/eabct_2-300x205.jpg\",\"datePublished\":\"2025-05-08T16:26:18+00:00\",\"dateModified\":\"2026-03-18T08:41:45+00:00\",\"breadcrumb\":{\"@id\":\"https:\\\/\\\/eabctcongress.org\\\/index.php\\\/fees\\\/#breadcrumb\"},\"inLanguage\":\"en-GB\",\"potentialAction\":[{\"@type\":\"ReadAction\",\"target\":[\"https:\\\/\\\/eabctcongress.org\\\/index.php\\\/fees\\\/\"]}]},{\"@type\":\"ImageObject\",\"inLanguage\":\"en-GB\",\"@id\":\"https:\\\/\\\/eabctcongress.org\\\/index.php\\\/fees\\\/#primaryimage\",\"url\":\"https:\\\/\\\/eabctcongress.org\\\/wp-content\\\/uploads\\\/2025\\\/05\\\/eabct_2.jpg\",\"contentUrl\":\"https:\\\/\\\/eabctcongress.org\\\/wp-content\\\/uploads\\\/2025\\\/05\\\/eabct_2.jpg\",\"width\":501,\"height\":343},{\"@type\":\"BreadcrumbList\",\"@id\":\"https:\\\/\\\/eabctcongress.org\\\/index.php\\\/fees\\\/#breadcrumb\",\"itemListElement\":[{\"@type\":\"ListItem\",\"position\":1,\"name\":\"Home\",\"item\":\"https:\\\/\\\/eabctcongress.org\\\/\"},{\"@type\":\"ListItem\",\"position\":2,\"name\":\"Fees\"}]},{\"@type\":\"WebSite\",\"@id\":\"https:\\\/\\\/eabctcongress.org\\\/#website\",\"url\":\"https:\\\/\\\/eabctcongress.org\\\/\",\"name\":\"EABCT\",\"description\":\"\",\"publisher\":{\"@id\":\"https:\\\/\\\/eabctcongress.org\\\/#organization\"},\"potentialAction\":[{\"@type\":\"SearchAction\",\"target\":{\"@type\":\"EntryPoint\",\"urlTemplate\":\"https:\\\/\\\/eabctcongress.org\\\/?s={search_term_string}\"},\"query-input\":{\"@type\":\"PropertyValueSpecification\",\"valueRequired\":true,\"valueName\":\"search_term_string\"}}],\"inLanguage\":\"en-GB\"},{\"@type\":\"Organization\",\"@id\":\"https:\\\/\\\/eabctcongress.org\\\/#organization\",\"name\":\"EABCT\",\"url\":\"https:\\\/\\\/eabctcongress.org\\\/\",\"logo\":{\"@type\":\"ImageObject\",\"inLanguage\":\"en-GB\",\"@id\":\"https:\\\/\\\/eabctcongress.org\\\/#\\\/schema\\\/logo\\\/image\\\/\",\"url\":\"https:\\\/\\\/eabctcongress.org\\\/wp-content\\\/uploads\\\/2025\\\/05\\\/eabct_3.jpg\",\"contentUrl\":\"https:\\\/\\\/eabctcongress.org\\\/wp-content\\\/uploads\\\/2025\\\/05\\\/eabct_3.jpg\",\"width\":501,\"height\":500,\"caption\":\"EABCT\"},\"image\":{\"@id\":\"https:\\\/\\\/eabctcongress.org\\\/#\\\/schema\\\/logo\\\/image\\\/\"}}]}<\/script>\n<!-- \/ Yoast SEO plugin. -->","yoast_head_json":{"title":"Fees - EABCT Congress 2026 Brussels","robots":{"index":"index","follow":"follow","max-snippet":"max-snippet:-1","max-image-preview":"max-image-preview:large","max-video-preview":"max-video-preview:-1"},"canonical":"https:\/\/eabctcongress.org\/index.php\/fees\/","og_locale":"en_GB","og_type":"article","og_title":"Fees - EABCT Congress 2026 Brussels","og_description":"Fees All registrations fees include refreshments and lunch each day.All registration fees include local VAT. &nbsp; Early birduntil 28th June2026 Standarduntil 15th August2026 From 16th August 2026to Onsite Congress registration Member \u20ac 475 \u20ac 545 \u20ac 595 Non-Members \u20ac 575 \u20ac 645 \u20ac 695 Emerging \u00a0Countries* &amp; Students \u20ac 280 \u20ac 345 \u20ac 395 Accompanying [&hellip;]","og_url":"https:\/\/eabctcongress.org\/index.php\/fees\/","og_site_name":"EABCT Congress 2026 Brussels","article_modified_time":"2026-03-18T08:41:45+00:00","og_image":[{"width":501,"height":343,"url":"https:\/\/eabctcongress.org\/wp-content\/uploads\/2025\/05\/eabct_2.jpg","type":"image\/jpeg"}],"twitter_card":"summary_large_image","twitter_misc":{"Estimated reading time":"1 minute"},"schema":{"@context":"https:\/\/schema.org","@graph":[{"@type":"WebPage","@id":"https:\/\/eabctcongress.org\/index.php\/fees\/","url":"https:\/\/eabctcongress.org\/index.php\/fees\/","name":"Fees - EABCT Congress 2026 Brussels","isPartOf":{"@id":"https:\/\/eabctcongress.org\/#website"},"primaryImageOfPage":{"@id":"https:\/\/eabctcongress.org\/index.php\/fees\/#primaryimage"},"image":{"@id":"https:\/\/eabctcongress.org\/index.php\/fees\/#primaryimage"},"thumbnailUrl":"https:\/\/eabctcongress.org\/wp-content\/uploads\/2025\/05\/eabct_2-300x205.jpg","datePublished":"2025-05-08T16:26:18+00:00","dateModified":"2026-03-18T08:41:45+00:00","breadcrumb":{"@id":"https:\/\/eabctcongress.org\/index.php\/fees\/#breadcrumb"},"inLanguage":"en-GB","potentialAction":[{"@type":"ReadAction","target":["https:\/\/eabctcongress.org\/index.php\/fees\/"]}]},{"@type":"ImageObject","inLanguage":"en-GB","@id":"https:\/\/eabctcongress.org\/index.php\/fees\/#primaryimage","url":"https:\/\/eabctcongress.org\/wp-content\/uploads\/2025\/05\/eabct_2.jpg","contentUrl":"https:\/\/eabctcongress.org\/wp-content\/uploads\/2025\/05\/eabct_2.jpg","width":501,"height":343},{"@type":"BreadcrumbList","@id":"https:\/\/eabctcongress.org\/index.php\/fees\/#breadcrumb","itemListElement":[{"@type":"ListItem","position":1,"name":"Home","item":"https:\/\/eabctcongress.org\/"},{"@type":"ListItem","position":2,"name":"Fees"}]},{"@type":"WebSite","@id":"https:\/\/eabctcongress.org\/#website","url":"https:\/\/eabctcongress.org\/","name":"EABCT","description":"","publisher":{"@id":"https:\/\/eabctcongress.org\/#organization"},"potentialAction":[{"@type":"SearchAction","target":{"@type":"EntryPoint","urlTemplate":"https:\/\/eabctcongress.org\/?s={search_term_string}"},"query-input":{"@type":"PropertyValueSpecification","valueRequired":true,"valueName":"search_term_string"}}],"inLanguage":"en-GB"},{"@type":"Organization","@id":"https:\/\/eabctcongress.org\/#organization","name":"EABCT","url":"https:\/\/eabctcongress.org\/","logo":{"@type":"ImageObject","inLanguage":"en-GB","@id":"https:\/\/eabctcongress.org\/#\/schema\/logo\/image\/","url":"https:\/\/eabctcongress.org\/wp-content\/uploads\/2025\/05\/eabct_3.jpg","contentUrl":"https:\/\/eabctcongress.org\/wp-content\/uploads\/2025\/05\/eabct_3.jpg","width":501,"height":500,"caption":"EABCT"},"image":{"@id":"https:\/\/eabctcongress.org\/#\/schema\/logo\/image\/"}}]}},"_links":{"self":[{"href":"https:\/\/eabctcongress.org\/index.php\/wp-json\/wp\/v2\/pages\/108","targetHints":{"allow":["GET"]}}],"collection":[{"href":"https:\/\/eabctcongress.org\/index.php\/wp-json\/wp\/v2\/pages"}],"about":[{"href":"https:\/\/eabctcongress.org\/index.php\/wp-json\/wp\/v2\/types\/page"}],"author":[{"embeddable":true,"href":"https:\/\/eabctcongress.org\/index.php\/wp-json\/wp\/v2\/users\/1"}],"replies":[{"embeddable":true,"href":"https:\/\/eabctcongress.org\/index.php\/wp-json\/wp\/v2\/comments?post=108"}],"version-history":[{"count":45,"href":"https:\/\/eabctcongress.org\/index.php\/wp-json\/wp\/v2\/pages\/108\/revisions"}],"predecessor-version":[{"id":1457,"href":"https:\/\/eabctcongress.org\/index.php\/wp-json\/wp\/v2\/pages\/108\/revisions\/1457"}],"wp:attachment":[{"href":"https:\/\/eabctcongress.org\/index.php\/wp-json\/wp\/v2\/media?parent=108"}],"curies":[{"name":"wp","href":"https:\/\/api.w.org\/{rel}","templated":true}]}}